Last updated on 2025-11-19 17:48:53 CET.
| Flavor | Version | Tinstall | Tcheck | Ttotal | Status | Flags |
|---|---|---|---|---|---|---|
| r-devel-linux-x86_64-debian-clang | 0.4.2 | 2.99 | 36.74 | 39.73 | NOTE | |
| r-devel-linux-x86_64-debian-gcc | 0.4.2 | 2.32 | 28.38 | 30.70 | NOTE | |
| r-devel-linux-x86_64-fedora-clang | 0.4.2 | 60.92 | NOTE | |||
| r-devel-linux-x86_64-fedora-gcc | 0.4.2 | 57.30 | NOTE | |||
| r-devel-windows-x86_64 | 0.4.2 | 10.00 | 55.00 | 65.00 | NOTE | |
| r-patched-linux-x86_64 | 0.4.2 | 4.17 | 34.00 | 38.17 | NOTE | |
| r-release-linux-x86_64 | 0.4.2 | 3.25 | 34.66 | 37.91 | NOTE | |
| r-release-macos-arm64 | 0.4.2 | NOTE | ||||
| r-release-macos-x86_64 | 0.4.2 | 3.00 | 32.00 | 35.00 | NOTE | |
| r-release-windows-x86_64 | 0.4.2 | 7.00 | 58.00 | 65.00 | NOTE | |
| r-oldrel-macos-arm64 | 0.4.2 | NOTE | ||||
| r-oldrel-macos-x86_64 | 0.4.2 | 3.00 | 30.00 | 33.00 | NOTE | |
| r-oldrel-windows-x86_64 | 0.4.2 | 8.00 | 64.00 | 72.00 | NOTE |
Version: 0.4.2
Check: Rd files
Result: NOTE
checkRd: (-1) js_calls.Rd:63: Lost braces in \itemize; meant \describe ?
checkRd: (-1) js_calls.Rd:64: Lost braces in \itemize; meant \describe ?
checkRd: (-1) js_calls.Rd:65-66: Lost braces in \itemize; meant \describe ?
checkRd: (-1) js_calls.Rd:67: Lost braces in \itemize; meant \describe ?
checkRd: (-1) js_calls.Rd:68: Lost braces in \itemize; meant \describe ?
checkRd: (-1) js_calls.Rd:69: Lost braces in \itemize; meant \describe ?
checkRd: (-1) pickCheckboxNamesAndLabels.Rd:14: Lost braces
14 | \item{choices}{link{pickCheckboxInput} choices list.}
| ^
Flavors: r-devel-linux-x86_64-debian-clang, r-devel-linux-x86_64-debian-gcc, r-devel-linux-x86_64-fedora-clang, r-devel-linux-x86_64-fedora-gcc, r-devel-windows-x86_64, r-patched-linux-x86_64, r-release-linux-x86_64, r-release-macos-arm64, r-release-macos-x86_64, r-release-windows-x86_64, r-oldrel-macos-arm64, r-oldrel-macos-x86_64, r-oldrel-windows-x86_64