Last updated on 2025-05-05 18:50:17 CEST.
Flavor | Version | Tinstall | Tcheck | Ttotal | Status | Flags |
---|---|---|---|---|---|---|
r-devel-linux-x86_64-debian-clang | 1.0.1 | 15.61 | 97.42 | 113.03 | NOTE | |
r-devel-linux-x86_64-debian-gcc | 1.0.1 | 11.12 | 66.68 | 77.80 | NOTE | |
r-devel-linux-x86_64-fedora-clang | 1.0.1 | 180.90 | OK | |||
r-devel-linux-x86_64-fedora-gcc | 1.0.1 | 160.91 | OK | |||
r-devel-windows-x86_64 | 1.0.1 | 15.00 | 102.00 | 117.00 | OK | |
r-patched-linux-x86_64 | 1.0.1 | 12.52 | 89.85 | 102.37 | OK | |
r-release-linux-x86_64 | 1.0.1 | 14.35 | 90.40 | 104.75 | OK | |
r-release-macos-arm64 | 1.0.1 | 52.00 | OK | |||
r-release-macos-x86_64 | 1.0.1 | 81.00 | OK | |||
r-release-windows-x86_64 | 1.0.1 | 17.00 | 93.00 | 110.00 | OK | |
r-oldrel-macos-arm64 | 1.0.1 | 43.00 | NOTE | |||
r-oldrel-macos-x86_64 | 1.0.1 | 68.00 | NOTE | |||
r-oldrel-windows-x86_64 | 1.0.1 | 20.00 | 120.00 | 140.00 | NOTE |
Version: 1.0.1
Check: CRAN incoming feasibility
Result: NOTE
Maintainer: ‘Jean Bertin <jean.bertin@mines-paris.org>’
No Authors@R field in DESCRIPTION.
Please add one, modifying
Authors@R: person(given = "Jean",
family = "Bertin",
role = c("aut", "cre"),
email = "jean.bertin@mines-paris.org")
as necessary.
Flavors: r-devel-linux-x86_64-debian-clang, r-devel-linux-x86_64-debian-gcc
Version: 1.0.1
Check: LazyData
Result: NOTE
'LazyData' is specified without a 'data' directory
Flavors: r-oldrel-macos-arm64, r-oldrel-macos-x86_64, r-oldrel-windows-x86_64