Last updated on 2025-11-04 05:51:25 CET.
| Flavor | Version | Tinstall | Tcheck | Ttotal | Status | Flags | 
|---|---|---|---|---|---|---|
| r-devel-linux-x86_64-debian-clang | 2.6.0 | 24.69 | 175.84 | 200.53 | OK | |
| r-devel-linux-x86_64-debian-gcc | 2.6.0 | 19.82 | 125.80 | 145.62 | OK | |
| r-devel-linux-x86_64-fedora-clang | 2.6.0 | 124.00 | 202.53 | 326.53 | OK | |
| r-devel-linux-x86_64-fedora-gcc | 2.6.0 | 52.00 | 263.11 | 315.11 | OK | |
| r-devel-windows-x86_64 | 2.6.0 | 21.00 | 158.00 | 179.00 | OK | |
| r-patched-linux-x86_64 | 2.6.0 | 26.03 | 170.66 | 196.69 | OK | |
| r-release-linux-x86_64 | 2.6.0 | 24.78 | 168.91 | 193.69 | OK | |
| r-release-macos-arm64 | 2.6.0 | 6.00 | 63.00 | 69.00 | OK | |
| r-release-macos-x86_64 | 2.6.0 | 11.00 | 155.00 | 166.00 | OK | |
| r-release-windows-x86_64 | 2.6.0 | 20.00 | 158.00 | 178.00 | OK | |
| r-oldrel-macos-arm64 | 2.6.0 | 6.00 | 73.00 | 79.00 | NOTE | |
| r-oldrel-macos-x86_64 | 2.6.0 | 10.00 | 129.00 | 139.00 | NOTE | |
| r-oldrel-windows-x86_64 | 2.6.0 | 26.00 | 212.00 | 238.00 | NOTE | 
Version: 2.6.0
Check: package dependencies
Result: NOTE
  Package suggested but not available for checking: ‘cmdstanr’
Flavors: r-oldrel-macos-arm64, r-oldrel-macos-x86_64, r-oldrel-windows-x86_64