Last updated on 2024-04-24 07:15:18 CEST.
Flavor | Version | Tinstall | Tcheck | Ttotal | Status | Flags |
---|---|---|---|---|---|---|
r-devel-linux-x86_64-debian-clang | 2.6.0 | 31.42 | 201.36 | 232.78 | NOTE | |
r-devel-linux-x86_64-debian-gcc | 2.6.0 | 25.90 | 149.67 | 175.57 | NOTE | |
r-devel-linux-x86_64-fedora-clang | 2.6.0 | 299.75 | NOTE | |||
r-devel-linux-x86_64-fedora-gcc | 2.6.0 | 274.99 | NOTE | |||
r-prerel-macos-arm64 | 2.6.0 | 79.00 | NOTE | |||
r-prerel-windows-x86_64 | 2.6.0 | 18.00 | 148.00 | 166.00 | NOTE | |
r-patched-linux-x86_64 | 2.6.0 | 24.72 | 193.17 | 217.89 | NOTE | |
r-release-linux-x86_64 | 2.6.0 | 26.49 | 197.49 | 223.98 | NOTE | |
r-release-macos-arm64 | 2.6.0 | 68.00 | NOTE | |||
r-release-macos-x86_64 | 2.6.0 | 106.00 | NOTE | |||
r-release-windows-x86_64 | 2.6.0 | 25.00 | 181.00 | 206.00 | NOTE | |
r-oldrel-macos-arm64 | 2.6.0 | 56.00 | NOTE | |||
r-oldrel-windows-x86_64 | 2.6.0 | 26.00 | 184.00 | 210.00 | NOTE |
Version: 2.6.0
Check: package dependencies
Result: NOTE
Package suggested but not available for checking: ‘cmdstanr’
Flavors: r-devel-linux-x86_64-debian-clang, r-devel-linux-x86_64-debian-gcc, r-devel-linux-x86_64-fedora-clang, r-devel-linux-x86_64-fedora-gcc, r-prerel-macos-arm64, r-prerel-windows-x86_64, r-patched-linux-x86_64, r-release-linux-x86_64, r-release-macos-arm64, r-release-macos-x86_64, r-release-windows-x86_64, r-oldrel-macos-arm64, r-oldrel-windows-x86_64