Last updated on 2025-04-14 18:50:29 CEST.
Flavor | Version | Tinstall | Tcheck | Ttotal | Status | Flags |
---|---|---|---|---|---|---|
r-devel-linux-x86_64-debian-clang | 0.3.2 | 11.84 | 73.34 | 85.18 | NOTE | |
r-devel-linux-x86_64-debian-gcc | 0.4.1 | 8.01 | 54.78 | 62.79 | OK | |
r-devel-linux-x86_64-fedora-clang | 0.4.1 | 144.27 | OK | |||
r-devel-linux-x86_64-fedora-gcc | 0.4.1 | 147.78 | OK | |||
r-devel-windows-x86_64 | 0.4.1 | 15.00 | 101.00 | 116.00 | OK | |
r-patched-linux-x86_64 | 0.4.0 | 11.96 | 71.63 | 83.59 | OK | |
r-release-linux-x86_64 | 0.4.1 | 10.26 | 71.78 | 82.04 | OK | |
r-release-macos-arm64 | 0.4.1 | 118.00 | OK | |||
r-release-macos-x86_64 | 0.4.1 | 115.00 | OK | |||
r-release-windows-x86_64 | 0.4.1 | 14.00 | 107.00 | 121.00 | OK | |
r-oldrel-macos-arm64 | 0.4.1 | 66.00 | OK | |||
r-oldrel-macos-x86_64 | 0.4.1 | 105.00 | OK | |||
r-oldrel-windows-x86_64 | 0.4.1 | 14.00 | 107.00 | 121.00 | OK |
Version: 0.3.2
Check: Rd cross-references
Result: NOTE
Found the following Rd file(s) with Rd \link{} targets missing package
anchors:
AppDriver.Rd: ChromoteSession
Please provide package anchors for all Rd \link{} targets not in the
package itself and the base packages.
Flavor: r-devel-linux-x86_64-debian-clang