Last updated on 2025-11-04 05:51:25 CET.
| Flavor | Version | Tinstall | Tcheck | Ttotal | Status | Flags | 
|---|---|---|---|---|---|---|
| r-devel-linux-x86_64-debian-clang | 2.2.0 | 3.39 | 32.17 | 35.56 | NOTE | |
| r-devel-linux-x86_64-debian-gcc | 2.2.0 | 2.67 | 24.77 | 27.44 | NOTE | |
| r-devel-linux-x86_64-fedora-clang | 2.2.0 | 50.88 | OK | |||
| r-devel-linux-x86_64-fedora-gcc | 2.2.0 | 48.71 | OK | |||
| r-devel-windows-x86_64 | 2.2.0 | 5.00 | 47.00 | 52.00 | OK | |
| r-patched-linux-x86_64 | 2.2.0 | 3.47 | 29.06 | 32.53 | OK | |
| r-release-linux-x86_64 | 2.2.0 | 3.21 | 28.94 | 32.15 | OK | |
| r-release-macos-arm64 | 2.2.0 | 2.00 | 29.00 | 31.00 | OK | |
| r-release-macos-x86_64 | 2.2.0 | 3.00 | 31.00 | 34.00 | OK | |
| r-release-windows-x86_64 | 2.2.0 | 5.00 | 46.00 | 51.00 | OK | |
| r-oldrel-macos-arm64 | 2.2.0 | 2.00 | 17.00 | 19.00 | OK | |
| r-oldrel-macos-x86_64 | 2.2.0 | 2.00 | 26.00 | 28.00 | OK | |
| r-oldrel-windows-x86_64 | 2.2.0 | 6.00 | 55.00 | 61.00 | OK | 
Version: 2.2.0
Check: CRAN incoming feasibility
Result: NOTE
  Maintainer: ‘Gábor Csárdi <csardi.gabor@gmail.com>’
  
  No Authors@R field in DESCRIPTION.
  Please add one, modifying
    Authors@R: c(person(given = "John",
                        family = "Papa",
                        role = "aut"),
                 person(given = "Tim",
                        family = "Ferrell",
                        role = "aut"),
                 person(given = "Hans",
                        family = "Fjällemark",
                        role = "aut"),
                 person(given = "Gábor",
                        family = "Csárdi",
                        role = c("aut", "cre"),
                        email = "csardi.gabor@gmail.com"))
  as necessary.
Flavors: r-devel-linux-x86_64-debian-clang, r-devel-linux-x86_64-debian-gcc