Last updated on 2024-03-28 17:49:42 CET.
Flavor | Version | Tinstall | Tcheck | Ttotal | Status | Flags |
---|---|---|---|---|---|---|
r-devel-linux-x86_64-debian-clang | 0.2.4 | 3.58 | 106.81 | 110.39 | OK | |
r-devel-linux-x86_64-debian-gcc | 0.2.4 | 2.30 | 80.09 | 82.39 | OK | |
r-devel-linux-x86_64-fedora-clang | 0.2.4 | 134.45 | NOTE | |||
r-devel-linux-x86_64-fedora-gcc | 0.2.4 | 144.79 | NOTE | |||
r-devel-windows-x86_64 | 0.2.4 | 5.00 | 98.00 | 103.00 | OK | |
r-patched-linux-x86_64 | 0.2.4 | 3.14 | 106.70 | 109.84 | OK | |
r-release-linux-x86_64 | 0.2.4 | 3.50 | 103.19 | 106.69 | OK | |
r-release-macos-arm64 | 0.2.4 | 51.00 | OK | |||
r-release-macos-x86_64 | 0.2.4 | 77.00 | OK | |||
r-release-windows-x86_64 | 0.2.4 | 6.00 | 119.00 | 125.00 | OK | |
r-oldrel-macos-arm64 | 0.2.4 | 35.00 | NOTE | |||
r-oldrel-windows-x86_64 | 0.2.4 | 6.00 | 119.00 | 125.00 | OK |
Version: 0.2.4
Check: dependencies in R code
Result: NOTE
Namespace in Imports field not imported from: ‘dplyr’
All declared Imports should be used.
Flavors: r-devel-linux-x86_64-fedora-clang, r-devel-linux-x86_64-fedora-gcc, r-oldrel-macos-arm64