Last updated on 2025-11-19 17:48:53 CET.
| Flavor | Version | Tinstall | Tcheck | Ttotal | Status | Flags |
|---|---|---|---|---|---|---|
| r-devel-linux-x86_64-debian-clang | 0.1.0 | 8.32 | 57.66 | 65.98 | NOTE | |
| r-devel-linux-x86_64-debian-gcc | 0.1.0 | 5.05 | 41.48 | 46.53 | NOTE | |
| r-devel-linux-x86_64-fedora-clang | 0.1.0 | 22.00 | 79.51 | 101.51 | NOTE | |
| r-devel-linux-x86_64-fedora-gcc | 0.1.0 | 39.00 | 75.16 | 114.16 | NOTE | |
| r-devel-windows-x86_64 | 0.1.0 | 17.00 | 72.00 | 89.00 | NOTE | |
| r-patched-linux-x86_64 | 0.1.0 | 6.19 | 51.83 | 58.02 | NOTE | |
| r-release-linux-x86_64 | 0.1.0 | 6.87 | 51.44 | 58.31 | NOTE | |
| r-release-macos-arm64 | 0.1.0 | NOTE | ||||
| r-release-macos-x86_64 | 0.1.0 | 8.00 | 65.00 | 73.00 | NOTE | |
| r-release-windows-x86_64 | 0.1.0 | 14.00 | 73.00 | 87.00 | NOTE | |
| r-oldrel-macos-arm64 | 0.1.0 | NOTE | ||||
| r-oldrel-macos-x86_64 | 0.1.0 | 7.00 | 51.00 | 58.00 | NOTE | |
| r-oldrel-windows-x86_64 | 0.1.0 | 17.00 | 87.00 | 104.00 | NOTE |
Version: 0.1.0
Check: C++ specification
Result: NOTE
Specified C++11: please drop specification unless essential
Flavors: r-devel-linux-x86_64-debian-clang, r-devel-linux-x86_64-debian-gcc, r-devel-linux-x86_64-fedora-clang, r-devel-linux-x86_64-fedora-gcc, r-devel-windows-x86_64, r-patched-linux-x86_64, r-release-linux-x86_64, r-release-macos-arm64, r-release-macos-x86_64, r-release-windows-x86_64, r-oldrel-macos-arm64, r-oldrel-macos-x86_64, r-oldrel-windows-x86_64