CRAN Package Check Results for Package sift

Last updated on 2025-06-30 18:49:52 CEST.

Flavor Version Tinstall Tcheck Ttotal Status Flags
r-devel-linux-x86_64-debian-clang 0.1.0 8.12 54.96 63.08 NOTE
r-devel-linux-x86_64-debian-gcc 0.1.0 5.30 39.82 45.12 NOTE
r-devel-linux-x86_64-fedora-clang 0.1.0 98.00 NOTE
r-devel-linux-x86_64-fedora-gcc 0.1.0 104.68 NOTE
r-devel-windows-x86_64 0.1.0 11.00 74.00 85.00 NOTE
r-patched-linux-x86_64 NOTE
r-release-linux-x86_64 0.1.0 7.54 50.15 57.69 NOTE
r-release-macos-arm64 0.1.0 38.00 NOTE
r-release-macos-x86_64 0.1.0 73.00 NOTE
r-release-windows-x86_64 0.1.0 15.00 72.00 87.00 NOTE
r-oldrel-macos-arm64 0.1.0 38.00 NOTE
r-oldrel-macos-x86_64 0.1.0 58.00 NOTE
r-oldrel-windows-x86_64 0.1.0 16.00 85.00 101.00 NOTE

Check Details

Version: 0.1.0
Check: C++ specification
Result: NOTE Specified C++11: please drop specification unless essential Flavors: r-devel-linux-x86_64-debian-clang, r-devel-linux-x86_64-debian-gcc, r-devel-linux-x86_64-fedora-clang, r-devel-linux-x86_64-fedora-gcc, r-devel-windows-x86_64, r-patched-linux-x86_64, r-release-linux-x86_64, r-release-macos-arm64, r-release-macos-x86_64, r-release-windows-x86_64, r-oldrel-macos-arm64, r-oldrel-macos-x86_64, r-oldrel-windows-x86_64