CRAN Package Check Results for Package sigora

Last updated on 2025-05-18 18:50:14 CEST.

Flavor Version Tinstall Tcheck Ttotal Status Flags
r-devel-linux-x86_64-debian-clang 3.1.1 2.46 44.50 46.96 NOTE
r-devel-linux-x86_64-debian-gcc 3.1.1 1.78 32.57 34.35 NOTE
r-devel-linux-x86_64-fedora-clang 3.1.1 75.00 NOTE
r-devel-linux-x86_64-fedora-gcc 3.1.1 112.74 NOTE
r-devel-windows-x86_64 3.1.1 3.00 78.00 81.00 NOTE
r-patched-linux-x86_64 3.1.1 2.46 43.24 45.70 NOTE
r-release-linux-x86_64 3.1.1 2.34 43.61 45.95 NOTE
r-release-macos-arm64 3.1.1 39.00 NOTE
r-release-macos-x86_64 3.1.1 77.00 NOTE
r-release-windows-x86_64 3.1.1 4.00 84.00 88.00 NOTE
r-oldrel-macos-arm64 3.1.1 37.00 NOTE
r-oldrel-macos-x86_64 3.1.1 68.00 NOTE
r-oldrel-windows-x86_64 3.1.1 4.00 80.00 84.00 NOTE

Check Details

Version: 3.1.1
Check: CRAN incoming feasibility
Result: NOTE Maintainer: ‘Witold Wolski <wew@fgcz.ethz.ch>’ Package CITATION file contains call(s) to old-style personList() or as.personList(). Please use c() on person objects instead. Package CITATION file contains call(s) to old-style citEntry(). Please use bibentry() instead. Flavors: r-devel-linux-x86_64-debian-clang, r-devel-linux-x86_64-debian-gcc

Version: 3.1.1
Check: package subdirectories
Result: NOTE Problems with news in ‘NEWS.md’: No news entries found. Flavors: r-devel-linux-x86_64-debian-clang, r-devel-linux-x86_64-debian-gcc, r-devel-linux-x86_64-fedora-clang, r-devel-linux-x86_64-fedora-gcc, r-devel-windows-x86_64, r-patched-linux-x86_64, r-release-linux-x86_64, r-release-macos-arm64, r-release-macos-x86_64, r-release-windows-x86_64, r-oldrel-macos-arm64, r-oldrel-macos-x86_64, r-oldrel-windows-x86_64