Last updated on 2025-11-19 05:48:56 CET.
| Flavor | Version | Tinstall | Tcheck | Ttotal | Status | Flags |
|---|---|---|---|---|---|---|
| r-devel-linux-x86_64-debian-clang | 1.1.5 | 91.97 | 42.40 | 134.37 | OK | |
| r-devel-linux-x86_64-debian-gcc | 1.1.6 | 72.07 | 39.06 | 111.13 | OK | |
| r-devel-linux-x86_64-fedora-clang | 1.1.6 | 346.00 | -99.25 | 246.75 | OK | |
| r-devel-linux-x86_64-fedora-gcc | 1.1.6 | 286.00 | -6.54 | 279.46 | OK | |
| r-devel-windows-x86_64 | 1.1.5 | 103.00 | 90.00 | 193.00 | OK | |
| r-patched-linux-x86_64 | 1.1.5 | 106.50 | 48.37 | 154.87 | OK | |
| r-release-linux-x86_64 | 1.1.5 | 102.50 | 49.13 | 151.63 | OK | |
| r-release-macos-arm64 | 1.1.5 | 52.00 | 114.00 | 166.00 | OK | |
| r-release-macos-x86_64 | 1.1.6 | 56.00 | 90.00 | 146.00 | OK | |
| r-release-windows-x86_64 | 1.1.5 | 96.00 | 90.00 | 186.00 | OK | |
| r-oldrel-macos-arm64 | 1.1.5 | 36.00 | 33.00 | 69.00 | NOTE | |
| r-oldrel-macos-x86_64 | 1.1.6 | 58.00 | 57.00 | 115.00 | NOTE | |
| r-oldrel-windows-x86_64 | 1.1.5 | 116.00 | 106.00 | 222.00 | OK |
Version: 1.1.5
Check: installed package size
Result: NOTE
installed size is 32.0Mb
sub-directories of 1Mb or more:
libs 31.3Mb
Flavor: r-oldrel-macos-arm64
Version: 1.1.6
Check: installed package size
Result: NOTE
installed size is 33.4Mb
sub-directories of 1Mb or more:
libs 32.7Mb
Flavor: r-oldrel-macos-x86_64