Last updated on 2024-04-19 06:56:32 CEST.
Flavor | Version | Tinstall | Tcheck | Ttotal | Status | Flags |
---|---|---|---|---|---|---|
r-devel-linux-x86_64-debian-clang | 0.1.1 | 2.04 | 83.64 | 85.68 | OK | |
r-devel-linux-x86_64-debian-gcc | 0.1.1 | OK | ||||
r-devel-linux-x86_64-fedora-clang | 0.1.1 | 112.22 | NOTE | |||
r-devel-linux-x86_64-fedora-gcc | 0.1.1 | 132.58 | NOTE | |||
r-prerel-macos-arm64 | 0.1.1 | 52.00 | OK | |||
r-prerel-windows-x86_64 | 0.1.1 | 4.00 | 84.00 | 88.00 | OK | |
r-patched-linux-x86_64 | 0.1.1 | 1.65 | 77.67 | 79.32 | OK | |
r-release-linux-x86_64 | 0.1.1 | 2.27 | 78.16 | 80.43 | OK | |
r-release-macos-arm64 | 0.1.1 | 54.00 | OK | |||
r-release-macos-x86_64 | 0.1.1 | 67.00 | OK | |||
r-release-windows-x86_64 | 0.1.1 | 3.00 | 89.00 | 92.00 | OK | |
r-oldrel-macos-arm64 | 0.1.1 | 44.00 | NOTE | |||
r-oldrel-windows-x86_64 | 0.1.1 | 3.00 | 103.00 | 106.00 | OK |
Version: 0.1.1
Check: data for non-ASCII characters
Result: NOTE
Note: found 2 marked Latin-1 strings
Flavors: r-devel-linux-x86_64-fedora-clang, r-devel-linux-x86_64-fedora-gcc, r-oldrel-macos-arm64