Last updated on 2024-03-28 06:01:38 CET.
Flavor | Version | Tinstall | Tcheck | Ttotal | Status | Flags |
---|---|---|---|---|---|---|
r-devel-linux-x86_64-debian-clang | 1.7.1 | 7.26 | 145.15 | 152.41 | OK | |
r-devel-linux-x86_64-debian-gcc | 1.7.1 | 8.39 | 109.01 | 117.40 | OK | |
r-devel-linux-x86_64-fedora-clang | 1.7.1 | 195.29 | NOTE | |||
r-devel-linux-x86_64-fedora-gcc | 1.7.1 | 207.20 | OK | |||
r-devel-windows-x86_64 | 1.7.1 | 8.00 | 117.00 | 125.00 | OK | |
r-patched-linux-x86_64 | 1.7.1 | 12.58 | 144.44 | 157.02 | OK | |
r-release-linux-x86_64 | 1.7.1 | 8.50 | 137.35 | 145.85 | OK | |
r-release-macos-arm64 | 1.7.1 | 70.00 | OK | |||
r-release-macos-x86_64 | 1.7.1 | 107.00 | OK | |||
r-release-windows-x86_64 | 1.7.1 | 12.00 | 143.00 | 155.00 | OK | |
r-oldrel-macos-arm64 | 1.7.1 | 57.00 | OK | |||
r-oldrel-windows-x86_64 | 1.7.1 | 12.00 | 148.00 | 160.00 | OK |
Version: 1.7.1
Check: Rd cross-references
Result: NOTE
Undeclared package ‘mice’ in Rd xrefs
Flavor: r-devel-linux-x86_64-fedora-clang