Last updated on 2025-07-27 18:51:34 CEST.
Flavor | Version | Tinstall | Tcheck | Ttotal | Status | Flags |
---|---|---|---|---|---|---|
r-devel-linux-x86_64-debian-clang | 0.0.14 | 114.75 | 122.51 | 237.26 | OK | |
r-devel-linux-x86_64-debian-gcc | 0.0.14 | 86.17 | 87.28 | 173.45 | OK | |
r-devel-linux-x86_64-fedora-clang | 0.0.14 | 445.39 | OK | |||
r-devel-linux-x86_64-fedora-gcc | 0.0.14 | 438.62 | OK | |||
r-devel-windows-x86_64 | 0.0.14 | 142.00 | 183.00 | 325.00 | OK | |
r-patched-linux-x86_64 | 0.0.14 | 123.52 | 114.17 | 237.69 | OK | |
r-release-linux-x86_64 | 0.0.14 | 123.37 | 115.60 | 238.97 | OK | |
r-release-macos-x86_64 | 0.0.14 | 158.00 | OK | |||
r-release-windows-x86_64 | 0.0.14 | 135.00 | 159.00 | 294.00 | OK | |
r-oldrel-macos-x86_64 | 0.0.14 | 156.00 | NOTE | |||
r-oldrel-windows-x86_64 | 0.0.14 | 160.00 | 207.00 | 367.00 | OK |
Version: 0.0.14
Check: installed package size
Result: NOTE
installed size is 12.0Mb
sub-directories of 1Mb or more:
libs 11.3Mb
Flavor: r-oldrel-macos-x86_64