CRAN Package Check Results for Package smpic

Last updated on 2025-11-23 05:50:35 CET.

Flavor Version Tinstall Tcheck Ttotal Status Flags
r-devel-linux-x86_64-debian-clang 0.1.0 1.75 39.71 41.46 NOTE
r-devel-linux-x86_64-debian-gcc 0.1.0 1.47 30.60 32.07 NOTE
r-devel-linux-x86_64-fedora-clang 0.1.0 66.62 NOTE
r-devel-linux-x86_64-fedora-gcc 0.1.0 76.76 NOTE
r-devel-windows-x86_64 0.1.0 7.00 57.00 64.00 OK
r-patched-linux-x86_64 0.1.0 1.68 38.84 40.52 NOTE
r-release-linux-x86_64 0.1.0 1.75 38.30 40.05 NOTE
r-release-macos-arm64 0.1.0 OK
r-release-macos-x86_64 0.1.0 2.00 48.00 50.00 OK
r-release-windows-x86_64 0.1.0 4.00 63.00 67.00 OK
r-oldrel-macos-arm64 0.1.0 OK
r-oldrel-macos-x86_64 0.1.0 1.00 42.00 43.00 OK
r-oldrel-windows-x86_64 0.1.0 5.00 67.00 72.00 OK

Check Details

Version: 0.1.0
Check: CRAN incoming feasibility
Result: NOTE Maintainer: ‘Mikkel Freltoft Krogsholm <mikkel@56n.dk>’ No Authors@R field in DESCRIPTION. Please add one, modifying Authors@R: person(given = c("Mikkel", "Freltoft"), family = "Krogsholm", role = c("aut", "cre"), email = "mikkel@56n.dk") as necessary. Flavors: r-devel-linux-x86_64-debian-clang, r-devel-linux-x86_64-debian-gcc

Version: 0.1.0
Check: for non-standard things in the check directory
Result: NOTE Found the following files/directories: ‘my_new_social_media_plot.png’ Flavors: r-devel-linux-x86_64-debian-clang, r-devel-linux-x86_64-debian-gcc, r-devel-linux-x86_64-fedora-clang, r-devel-linux-x86_64-fedora-gcc, r-patched-linux-x86_64, r-release-linux-x86_64