Last updated on 2024-04-23 06:57:16 CEST.
Flavor | Version | Tinstall | Tcheck | Ttotal | Status | Flags |
---|---|---|---|---|---|---|
r-devel-linux-x86_64-debian-clang | 0.18.2 | 0.41 | 2.36 | 2.77 | ERROR | |
r-devel-linux-x86_64-debian-gcc | 0.18.2 | 23.46 | 165.17 | 188.63 | OK | |
r-devel-linux-x86_64-fedora-clang | 0.18.2 | 328.67 | OK | |||
r-devel-linux-x86_64-fedora-gcc | 0.18.2 | 316.97 | OK | |||
r-prerel-macos-arm64 | 0.18.2 | 89.00 | OK | |||
r-prerel-macos-x86_64 | 0.18.2 | 175.00 | OK | |||
r-prerel-windows-x86_64 | 0.18.2 | 34.00 | 189.00 | 223.00 | OK | |
r-patched-linux-x86_64 | 0.18.2 | 27.08 | 211.65 | 238.73 | OK | |
r-release-linux-x86_64 | 0.18.2 | 34.26 | 228.18 | 262.44 | OK | |
r-release-macos-arm64 | 0.18.2 | 100.00 | OK | |||
r-release-macos-x86_64 | 0.18.2 | 128.00 | OK | |||
r-release-windows-x86_64 | 0.18.2 | 42.00 | 241.00 | 283.00 | OK | |
r-oldrel-macos-arm64 | 0.18.2 | 83.00 | OK | |||
r-oldrel-windows-x86_64 | 0.18.2 | 41.00 | 229.00 | 270.00 | OK |
Version: 0.18.2
Check: package dependencies
Result: ERROR
Package required but not available: ‘biomaRt’
See section ‘The DESCRIPTION file’ in the ‘Writing R Extensions’
manual.
Flavor: r-devel-linux-x86_64-debian-clang