Last updated on 2025-11-23 17:50:26 CET.
| Flavor | Version | Tinstall | Tcheck | Ttotal | Status | Flags |
|---|---|---|---|---|---|---|
| r-devel-linux-x86_64-debian-clang | 0.1.0 | 7.68 | 80.91 | 88.59 | NOTE | |
| r-devel-linux-x86_64-debian-gcc | 0.1.0 | 5.49 | 59.52 | 65.01 | NOTE | |
| r-devel-linux-x86_64-fedora-clang | 0.1.0 | 70.00 | 78.45 | 148.45 | OK | |
| r-devel-linux-x86_64-fedora-gcc | 0.1.0 | 13.00 | 118.09 | 131.09 | OK | |
| r-devel-windows-x86_64 | 0.1.0 | 9.00 | 84.00 | 93.00 | OK | |
| r-patched-linux-x86_64 | 0.1.0 | 7.27 | 79.62 | 86.89 | OK | |
| r-release-linux-x86_64 | 0.1.0 | 7.57 | 78.60 | 86.17 | OK | |
| r-release-macos-arm64 | 0.1.0 | OK | ||||
| r-release-macos-x86_64 | 0.1.0 | 7.00 | 75.00 | 82.00 | OK | |
| r-release-windows-x86_64 | 0.1.0 | 9.00 | 94.00 | 103.00 | OK | |
| r-oldrel-macos-arm64 | 0.1.0 | NOTE | ||||
| r-oldrel-macos-x86_64 | 0.1.0 | 5.00 | 55.00 | 60.00 | NOTE | |
| r-oldrel-windows-x86_64 | 0.1.0 | 12.00 | 110.00 | 122.00 | NOTE |
Version: 0.1.0
Check: CRAN incoming feasibility
Result: NOTE
Maintainer: ‘Maikol Solís <maikol.solis@ucr.ac.cr>’
No Authors@R field in DESCRIPTION.
Please add one, modifying
Authors@R: person(given = "Maikol",
family = "Solís",
role = c("aut", "cre"),
email = "maikol.solis@ucr.ac.cr")
as necessary.
The Description field contains
M. (2018) <arXiv:1803.03333>.
Please refer to arXiv e-prints via their arXiv DOI <doi:10.48550/arXiv.YYMM.NNNNN>.
Flavors: r-devel-linux-x86_64-debian-clang, r-devel-linux-x86_64-debian-gcc
Version: 0.1.0
Check: LazyData
Result: NOTE
'LazyData' is specified without a 'data' directory
Flavors: r-oldrel-macos-arm64, r-oldrel-macos-x86_64, r-oldrel-windows-x86_64