Last updated on 2024-03-28 17:49:43 CET.
Flavor | Version | Tinstall | Tcheck | Ttotal | Status | Flags |
---|---|---|---|---|---|---|
r-devel-linux-x86_64-debian-clang | 0.46 | 9.17 | 86.14 | 95.31 | OK | |
r-devel-linux-x86_64-debian-gcc | 0.46 | 9.09 | 63.77 | 72.86 | OK | |
r-devel-linux-x86_64-fedora-clang | 0.46 | 115.56 | OK | |||
r-devel-linux-x86_64-fedora-gcc | 0.46 | 114.29 | OK | |||
r-devel-windows-x86_64 | 0.46 | 11.00 | 97.00 | 108.00 | OK | |
r-patched-linux-x86_64 | 0.46 | 15.92 | 83.37 | 99.29 | OK | |
r-release-linux-x86_64 | 0.46 | 13.66 | 79.41 | 93.07 | OK | |
r-release-macos-arm64 | 0.46 | 40.00 | OK | |||
r-release-macos-x86_64 | 0.46 | 60.00 | NOTE | |||
r-release-windows-x86_64 | 0.46 | 14.00 | 112.00 | 126.00 | OK | |
r-oldrel-macos-arm64 | 0.46 | 33.00 | OK | |||
r-oldrel-windows-x86_64 | 0.46 | 16.00 | 112.00 | 128.00 | OK |
Version: 0.46
Check: package dependencies
Result: NOTE
Packages suggested but not available for checking:
'raster', 'rasterVis', 'meteoForecast'
Flavor: r-release-macos-x86_64