Last updated on 2025-07-18 18:51:28 CEST.
Flavor | Version | Tinstall | Tcheck | Ttotal | Status | Flags |
---|---|---|---|---|---|---|
r-devel-linux-x86_64-debian-clang | 1.2.4 | 8.77 | 59.18 | 67.95 | NOTE | |
r-devel-linux-x86_64-debian-gcc | 1.2.4 | 6.81 | 43.18 | 49.99 | NOTE | |
r-devel-linux-x86_64-fedora-clang | 1.2.4 | 107.05 | OK | |||
r-devel-linux-x86_64-fedora-gcc | 1.2.4 | 115.54 | OK | |||
r-devel-windows-x86_64 | 1.2.4 | 11.00 | 77.00 | 88.00 | NOTE | |
r-patched-linux-x86_64 | 1.2.4 | 8.87 | 54.97 | 63.84 | NOTE | |
r-release-linux-x86_64 | 1.2.4 | 9.39 | 55.49 | 64.88 | NOTE | |
r-release-macos-arm64 | 1.2.4 | 40.00 | OK | |||
r-release-macos-x86_64 | 1.2.4 | 77.00 | OK | |||
r-release-windows-x86_64 | 1.2.4 | 11.00 | 78.00 | 89.00 | NOTE | |
r-oldrel-macos-arm64 | 1.2.4 | 42.00 | OK | |||
r-oldrel-macos-x86_64 | 1.2.4 | 69.00 | OK | |||
r-oldrel-windows-x86_64 | 1.2.4 | 14.00 | 90.00 | 104.00 | OK |
Version: 1.2.4
Check: Rd cross-references
Result: NOTE
Found the following Rd file(s) with Rd \link{} targets missing package
anchors:
somsp.Rd: kohonen
somspa.Rd: kohonen, som
Please provide package anchors for all Rd \link{} targets not in the
package itself and the base packages.
Flavors: r-devel-linux-x86_64-debian-clang, r-devel-linux-x86_64-debian-gcc, r-devel-windows-x86_64, r-patched-linux-x86_64, r-release-linux-x86_64, r-release-windows-x86_64