Last updated on 2025-11-23 05:50:35 CET.
| Flavor | Version | Tinstall | Tcheck | Ttotal | Status | Flags |
|---|---|---|---|---|---|---|
| r-devel-linux-x86_64-debian-clang | 0.8.21 | 10.91 | 106.63 | 117.54 | NOTE | |
| r-devel-linux-x86_64-debian-gcc | 0.8.21 | 6.66 | 72.56 | 79.22 | NOTE | |
| r-devel-linux-x86_64-fedora-clang | 0.8.21 | 24.00 | 154.63 | 178.63 | NOTE | |
| r-devel-linux-x86_64-fedora-gcc | 0.8.21 | 21.00 | 168.72 | 189.72 | NOTE | |
| r-devel-windows-x86_64 | 0.8.21 | 13.00 | 102.00 | 115.00 | NOTE | |
| r-patched-linux-x86_64 | 0.8.21 | 10.83 | 97.50 | 108.33 | NOTE | |
| r-release-linux-x86_64 | 0.8.21 | 10.63 | 97.62 | 108.25 | NOTE | |
| r-release-macos-arm64 | 0.8.21 | NOTE | ||||
| r-release-macos-x86_64 | 0.8.21 | 7.00 | 90.00 | 97.00 | NOTE | |
| r-release-windows-x86_64 | 0.8.21 | 10.00 | 110.00 | 120.00 | NOTE | |
| r-oldrel-macos-arm64 | 0.8.21 | NOTE | ||||
| r-oldrel-macos-x86_64 | 0.8.21 | 5.00 | 64.00 | 69.00 | NOTE | |
| r-oldrel-windows-x86_64 | 0.8.21 | 16.00 | 128.00 | 144.00 | NOTE |
Version: 0.8.21
Check: Rd files
Result: NOTE
checkRd: (-1) load_sorvi_data.Rd:23: Lost braces in \itemize; meant \describe ?
Flavors: r-devel-linux-x86_64-debian-clang, r-devel-linux-x86_64-debian-gcc, r-devel-linux-x86_64-fedora-clang, r-devel-linux-x86_64-fedora-gcc, r-devel-windows-x86_64, r-patched-linux-x86_64, r-release-linux-x86_64, r-release-macos-arm64, r-release-macos-x86_64, r-release-windows-x86_64, r-oldrel-macos-arm64, r-oldrel-macos-x86_64, r-oldrel-windows-x86_64