CRAN Package Check Results for Package spData

Last updated on 2025-07-20 06:50:23 CEST.

Flavor Version Tinstall Tcheck Ttotal Status Flags
r-devel-linux-x86_64-debian-clang 2.3.4 3.29 42.63 45.92 OK
r-devel-linux-x86_64-debian-gcc 2.3.4 3.17 32.85 36.02 OK
r-devel-linux-x86_64-fedora-clang 2.3.4 72.80 OK
r-devel-linux-x86_64-fedora-gcc 2.3.4 71.35 OK
r-devel-windows-x86_64 2.3.4 6.00 79.00 85.00 OK
r-patched-linux-x86_64 2.3.4 4.35 39.54 43.89 OK
r-release-linux-x86_64 2.3.4 3.50 39.33 42.83 OK
r-release-macos-arm64 2.3.4 30.00 OK
r-release-macos-x86_64 2.3.4 48.00 OK
r-release-windows-x86_64 2.3.4 7.00 77.00 84.00 OK
r-oldrel-macos-arm64 2.3.4 34.00 NOTE
r-oldrel-macos-x86_64 2.3.4 77.00 NOTE
r-oldrel-windows-x86_64 2.3.4 10.00 85.00 95.00 NOTE

Check Details

Version: 2.3.4
Check: package dependencies
Result: NOTE Package suggested but not available for checking: ‘spDataLarge’ Flavors: r-oldrel-macos-arm64, r-oldrel-macos-x86_64, r-oldrel-windows-x86_64

Version: 2.3.4
Check: installed package size
Result: NOTE installed size is 6.6Mb sub-directories of 1Mb or more: data 2.6Mb shapes 3.2Mb Flavors: r-oldrel-macos-arm64, r-oldrel-macos-x86_64, r-oldrel-windows-x86_64