Last updated on 2025-05-18 18:50:15 CEST.
Flavor | Version | Tinstall | Tcheck | Ttotal | Status | Flags |
---|---|---|---|---|---|---|
r-devel-linux-x86_64-debian-clang | 3.3.3 | 23.92 | 87.03 | 110.95 | NOTE | |
r-devel-linux-x86_64-debian-gcc | 3.3.3 | 15.82 | 58.18 | 74.00 | NOTE | |
r-devel-linux-x86_64-fedora-clang | 3.3.3 | 176.19 | OK | |||
r-devel-linux-x86_64-fedora-gcc | 3.3.3 | 169.90 | OK | |||
r-devel-windows-x86_64 | 3.3.3 | 31.00 | 95.00 | 126.00 | OK | |
r-patched-linux-x86_64 | 3.3.3 | 22.30 | 80.86 | 103.16 | NOTE | |
r-release-linux-x86_64 | 3.3.3 | 22.07 | 80.96 | 103.03 | NOTE | |
r-release-macos-arm64 | 3.3.3 | 51.00 | OK | |||
r-release-macos-x86_64 | 3.3.3 | 91.00 | OK | |||
r-release-windows-x86_64 | 3.3.3 | 30.00 | 102.00 | 132.00 | OK | |
r-oldrel-macos-arm64 | 3.3.3 | 45.00 | OK | |||
r-oldrel-macos-x86_64 | 3.3.3 | 104.00 | OK | |||
r-oldrel-windows-x86_64 | 3.3.3 | 37.00 | 116.00 | 153.00 | OK |
Version: 3.3.3
Check: for unstated dependencies in ‘demo’
Result: NOTE
'library' or 'require' calls not declared from:
‘MBA’ ‘akima’ ‘colorspace’ ‘fields’ ‘maps’
Flavors: r-devel-linux-x86_64-debian-clang, r-devel-linux-x86_64-debian-gcc, r-patched-linux-x86_64, r-release-linux-x86_64