Last updated on 2024-07-03 18:57:48 CEST.
Flavor | Version | Tinstall | Tcheck | Ttotal | Status | Flags |
---|---|---|---|---|---|---|
r-devel-linux-x86_64-debian-clang | 4.5.0 | 224.07 | 440.72 | 664.79 | NOTE | |
r-devel-linux-x86_64-debian-gcc | 4.5.0 | 179.78 | 308.25 | 488.03 | NOTE | |
r-devel-linux-x86_64-fedora-clang | 4.5.0 | 889.35 | NOTE | |||
r-devel-linux-x86_64-fedora-gcc | 4.5.0 | 867.89 | NOTE | |||
r-devel-windows-x86_64 | 4.5.0 | 175.00 | 306.00 | 481.00 | NOTE | |
r-patched-linux-x86_64 | 4.5.0 | 218.21 | 405.29 | 623.50 | OK | |
r-release-linux-x86_64 | 4.5.0 | 220.29 | 402.51 | 622.80 | OK | |
r-release-macos-arm64 | 4.5.0 | 187.00 | NOTE | |||
r-release-macos-x86_64 | 4.5.0 | 468.00 | NOTE | |||
r-release-windows-x86_64 | 4.5.0 | 172.00 | 307.00 | 479.00 | NOTE | |
r-oldrel-macos-arm64 | 4.5.0 | 205.00 | NOTE | |||
r-oldrel-macos-x86_64 | 4.5.0 | 371.00 | NOTE | |||
r-oldrel-windows-x86_64 | 4.5.0 | 220.00 | 412.00 | 632.00 | NOTE |
Version: 4.5.0
Check: compiled code
Result: NOTE
File ‘spaMM/libs/spaMM.so’:
Found non-API call to R: ‘PRVALUE’
Compiled code should not call non-API entry points in R.
See ‘Writing portable packages’ in the ‘Writing R Extensions’ manual.
See section ‘Moving into C API compliance’ in the ‘Writing R
Extensions’ manual for issues with use of non-API entry points.
Flavor: r-devel-linux-x86_64-debian-clang
Version: 4.5.0
Check: compiled code
Result: NOTE
File ‘spaMM/libs/spaMM.so’:
Found non-API call to R: ‘PRVALUE’
Compiled code should not call non-API entry points in R.
See ‘Writing portable packages’ in the ‘Writing R Extensions’ manual,
and section ‘Moving into C API compliance’ for issues with the use of
non-API entry points.
Flavors: r-devel-linux-x86_64-debian-gcc, r-devel-linux-x86_64-fedora-clang, r-devel-linux-x86_64-fedora-gcc
Version: 4.5.0
Check: installed package size
Result: NOTE
installed size is 5.2Mb
sub-directories of 1Mb or more:
R 2.8Mb
libs 1.0Mb
Flavors: r-devel-linux-x86_64-fedora-clang, r-devel-windows-x86_64, r-release-macos-arm64, r-release-macos-x86_64, r-release-windows-x86_64, r-oldrel-macos-arm64, r-oldrel-macos-x86_64, r-oldrel-windows-x86_64
Version: 4.5.0
Check: compiled code
Result: NOTE
File 'spaMM/libs/x64/spaMM.dll':
Found non-API call to R: 'PRVALUE'
Compiled code should not call non-API entry points in R.
See 'Writing portable packages' in the 'Writing R Extensions' manual.
See section 'Moving into C API compliance' in the 'Writing R
Extensions' manual for issues with use of non-API entry points.
Flavor: r-devel-windows-x86_64