Last updated on 2024-04-18 18:58:06 CEST.
Flavor | Version | Tinstall | Tcheck | Ttotal | Status | Flags |
---|---|---|---|---|---|---|
r-devel-linux-x86_64-debian-clang | 4.4.16 | 259.66 | 426.46 | 686.12 | OK | |
r-devel-linux-x86_64-debian-gcc | 4.4.16 | 198.71 | 300.35 | 499.06 | OK | |
r-devel-linux-x86_64-fedora-clang | 4.4.16 | 825.12 | NOTE | |||
r-devel-linux-x86_64-fedora-gcc | 4.4.16 | 845.40 | OK | |||
r-prerel-macos-arm64 | 4.4.16 | 180.00 | NOTE | |||
r-prerel-windows-x86_64 | 4.4.16 | 166.00 | 307.00 | 473.00 | NOTE | |
r-patched-linux-x86_64 | 4.4.16 | 157.95 | 409.94 | 567.89 | OK | |
r-release-linux-x86_64 | 4.4.16 | 171.13 | 419.22 | 590.35 | OK | |
r-release-macos-arm64 | 4.4.16 | 200.00 | NOTE | |||
r-release-macos-x86_64 | 4.4.16 | 340.00 | NOTE | |||
r-release-windows-x86_64 | 4.4.16 | 225.00 | 408.00 | 633.00 | NOTE | |
r-oldrel-macos-arm64 | 4.4.16 | 171.00 | NOTE | |||
r-oldrel-windows-x86_64 | 4.4.16 | 227.00 | 393.00 | 620.00 | NOTE |
Version: 4.4.16
Check: installed package size
Result: NOTE
installed size is 5.1Mb
sub-directories of 1Mb or more:
R 2.7Mb
libs 1.0Mb
Flavors: r-devel-linux-x86_64-fedora-clang, r-prerel-macos-arm64, r-prerel-windows-x86_64, r-release-macos-arm64, r-release-macos-x86_64, r-release-windows-x86_64, r-oldrel-macos-arm64, r-oldrel-windows-x86_64