Last updated on 2024-03-28 06:01:39 CET.
Flavor | Version | Tinstall | Tcheck | Ttotal | Status | Flags |
---|---|---|---|---|---|---|
r-devel-linux-x86_64-debian-clang | 0.4.1 | 15.63 | 147.46 | 163.09 | NOTE | |
r-devel-linux-x86_64-debian-gcc | 0.4.1 | 12.96 | 105.43 | 118.39 | NOTE | |
r-devel-linux-x86_64-fedora-clang | 0.4.1 | 198.38 | NOTE | |||
r-devel-linux-x86_64-fedora-gcc | 0.4.1 | 194.52 | NOTE | |||
r-devel-windows-x86_64 | 0.4.1 | 15.00 | 110.00 | 125.00 | NOTE | |
r-patched-linux-x86_64 | 0.4.1 | 21.81 | 140.83 | 162.64 | NOTE | |
r-release-linux-x86_64 | 0.4.1 | 16.07 | 139.60 | 155.67 | NOTE | |
r-release-macos-arm64 | 0.4.1 | 60.00 | NOTE | |||
r-release-macos-x86_64 | 0.4.1 | 75.00 | NOTE | |||
r-release-windows-x86_64 | 0.4.1 | 20.00 | 141.00 | 161.00 | NOTE | |
r-oldrel-macos-arm64 | 0.4.1 | 55.00 | OK | |||
r-oldrel-windows-x86_64 | 0.4.1 | 21.00 | 137.00 | 158.00 | OK |
Version: 0.4.1
Check: package subdirectories
Result: NOTE
Problems with news in ‘NEWS.md’:
No news entries found.
Flavors: r-devel-linux-x86_64-debian-clang, r-devel-linux-x86_64-debian-gcc, r-devel-linux-x86_64-fedora-clang, r-devel-linux-x86_64-fedora-gcc, r-devel-windows-x86_64, r-patched-linux-x86_64, r-release-linux-x86_64, r-release-macos-arm64, r-release-macos-x86_64, r-release-windows-x86_64