Last updated on 2024-07-05 19:04:31 CEST.
Flavor | Version | Tinstall | Tcheck | Ttotal | Status | Flags |
---|---|---|---|---|---|---|
r-devel-linux-x86_64-debian-clang | 1.3 | 39.86 | 123.11 | 162.97 | NOTE | |
r-devel-linux-x86_64-debian-gcc | 1.3 | 27.63 | 89.61 | 117.24 | NOTE | |
r-devel-linux-x86_64-fedora-clang | 1.3 | 204.39 | NOTE | |||
r-devel-linux-x86_64-fedora-gcc | 1.3 | 194.72 | NOTE | |||
r-devel-windows-x86_64 | 1.3 | 32.00 | 119.00 | 151.00 | NOTE | |
r-patched-linux-x86_64 | 1.3 | 21.19 | 116.10 | 137.29 | NOTE | |
r-release-linux-x86_64 | 1.3 | 23.82 | 117.36 | 141.18 | NOTE | |
r-release-macos-arm64 | 1.3 | 47.00 | NOTE | |||
r-release-macos-x86_64 | 1.3 | 70.00 | NOTE | |||
r-release-windows-x86_64 | 1.3 | 30.00 | 119.00 | 149.00 | NOTE | |
r-oldrel-macos-arm64 | 1.3 | 60.00 | NOTE | |||
r-oldrel-macos-x86_64 | 1.3 | 91.00 | NOTE | |||
r-oldrel-windows-x86_64 | 1.3 | 39.00 | 147.00 | 186.00 | NOTE |
Version: 1.3
Check: LazyData
Result: NOTE
'LazyData' is specified without a 'data' directory
Flavors: r-devel-linux-x86_64-debian-clang, r-devel-linux-x86_64-debian-gcc, r-devel-linux-x86_64-fedora-clang, r-devel-linux-x86_64-fedora-gcc, r-devel-windows-x86_64, r-patched-linux-x86_64, r-release-linux-x86_64, r-release-macos-arm64, r-release-macos-x86_64, r-release-windows-x86_64, r-oldrel-macos-arm64, r-oldrel-macos-x86_64, r-oldrel-windows-x86_64