Last updated on 2024-03-28 17:49:43 CET.
Flavor | Version | Tinstall | Tcheck | Ttotal | Status | Flags |
---|---|---|---|---|---|---|
r-devel-linux-x86_64-debian-clang | 3.0-7 | 9.89 | 186.02 | 195.91 | NOTE | |
r-devel-linux-x86_64-debian-gcc | 3.0-8 | 8.36 | 149.44 | 157.80 | NOTE | |
r-devel-linux-x86_64-fedora-clang | 3.0-8 | 266.46 | NOTE | |||
r-devel-linux-x86_64-fedora-gcc | 3.0-8 | 264.47 | NOTE | |||
r-devel-windows-x86_64 | 3.0-8 | 8.00 | 207.00 | 215.00 | NOTE | |
r-patched-linux-x86_64 | 3.0-8 | 7.89 | 189.05 | 196.94 | NOTE | |
r-release-linux-x86_64 | 3.0-7 | 6.63 | 183.98 | 190.61 | NOTE | |
r-release-macos-arm64 | 3.0-8 | 106.00 | NOTE | |||
r-release-macos-x86_64 | 3.0-8 | 319.00 | NOTE | |||
r-release-windows-x86_64 | 3.0-7 | 12.00 | 218.00 | 230.00 | NOTE | |
r-oldrel-macos-arm64 | 3.0-8 | 94.00 | NOTE | |||
r-oldrel-windows-x86_64 | 3.0-8 | 9.00 | 198.00 | 207.00 | NOTE |
Version: 3.0-7
Check: package dependencies
Result: NOTE
Depends: includes the non-default packages:
'spatstat.data', 'spatstat.geom', 'spatstat.random',
'spatstat.explore', 'spatstat.model', 'spatstat.linnet'
Adding so many packages to the search path is excessive and importing
selectively is preferable.
Flavors: r-devel-linux-x86_64-debian-clang, r-release-linux-x86_64, r-release-windows-x86_64
Version: 3.0-8
Check: package dependencies
Result: NOTE
Depends: includes the non-default packages:
'spatstat.data', 'spatstat.geom', 'spatstat.random',
'spatstat.explore', 'spatstat.model', 'spatstat.linnet'
Adding so many packages to the search path is excessive and importing
selectively is preferable.
Flavors: r-devel-linux-x86_64-debian-gcc, r-devel-linux-x86_64-fedora-clang, r-devel-linux-x86_64-fedora-gcc, r-devel-windows-x86_64, r-patched-linux-x86_64, r-release-macos-arm64, r-release-macos-x86_64, r-oldrel-macos-arm64, r-oldrel-windows-x86_64
Version: 3.0-8
Check: installed package size
Result: NOTE
installed size is 5.5Mb
sub-directories of 1Mb or more:
doc 4.8Mb
Flavors: r-devel-linux-x86_64-fedora-clang, r-devel-windows-x86_64, r-release-macos-arm64, r-release-macos-x86_64, r-oldrel-macos-arm64, r-oldrel-windows-x86_64
Version: 3.0-7
Check: installed package size
Result: NOTE
installed size is 5.3Mb
sub-directories of 1Mb or more:
doc 4.6Mb
Flavor: r-release-windows-x86_64