CRAN Package Check Results for Package spatstat

Last updated on 2025-07-26 18:51:11 CEST.

Flavor Version Tinstall Tcheck Ttotal Status Flags
r-devel-linux-x86_64-debian-clang 3.3-3 8.79 161.58 170.37 OK
r-devel-linux-x86_64-debian-gcc 3.4-0 5.95 119.67 125.62 OK
r-devel-linux-x86_64-fedora-clang 3.4-0 266.12 OK
r-devel-linux-x86_64-fedora-gcc 3.4-0 271.60 OK
r-devel-windows-x86_64 3.3-3 12.00 232.00 244.00 OK
r-patched-linux-x86_64 3.3-3 8.94 155.52 164.46 OK
r-release-linux-x86_64 3.3-3 7.94 154.60 162.54 OK
r-release-macos-arm64 3.3-3 87.00 OK
r-release-macos-x86_64 3.4-0 152.00 OK
r-release-windows-x86_64 3.4-0 11.00 217.00 228.00 OK
r-oldrel-macos-arm64 3.3-3 93.00 NOTE
r-oldrel-macos-x86_64 3.4-0 148.00 NOTE
r-oldrel-windows-x86_64 3.3-3 13.00 258.00 271.00 NOTE

Check Details

Version: 3.3-3
Check: package dependencies
Result: NOTE Depends: includes the non-default packages: 'spatstat.data', 'spatstat.univar', 'spatstat.geom', 'spatstat.random', 'spatstat.explore', 'spatstat.model', 'spatstat.linnet' Adding so many packages to the search path is excessive and importing selectively is preferable. Flavors: r-oldrel-macos-arm64, r-oldrel-windows-x86_64

Version: 3.3-3
Check: installed package size
Result: NOTE installed size is 5.3Mb sub-directories of 1Mb or more: doc 4.6Mb Flavors: r-oldrel-macos-arm64, r-oldrel-windows-x86_64

Version: 3.4-0
Check: package dependencies
Result: NOTE Depends: includes the non-default packages: 'spatstat.data', 'spatstat.univar', 'spatstat.geom', 'spatstat.random', 'spatstat.explore', 'spatstat.model', 'spatstat.linnet' Adding so many packages to the search path is excessive and importing selectively is preferable. Flavor: r-oldrel-macos-x86_64

Version: 3.4-0
Check: installed package size
Result: NOTE installed size is 5.3Mb sub-directories of 1Mb or more: doc 4.6Mb Flavor: r-oldrel-macos-x86_64