CRAN Package Check Results for Package spdesign

Last updated on 2025-07-20 06:50:23 CEST.

Flavor Version Tinstall Tcheck Ttotal Status Flags
r-devel-linux-x86_64-debian-clang 0.0.5 6.74 57.49 64.23 NOTE
r-devel-linux-x86_64-debian-gcc 0.0.5 3.40 43.71 47.11 NOTE
r-devel-linux-x86_64-fedora-clang 0.0.5 95.87 NOTE
r-devel-linux-x86_64-fedora-gcc 0.0.5 103.47 NOTE
r-devel-windows-x86_64 0.0.5 8.00 86.00 94.00 NOTE
r-patched-linux-x86_64 0.0.5 7.51 53.25 60.76 NOTE
r-release-linux-x86_64 0.0.5 5.61 52.16 57.77 NOTE
r-release-macos-arm64 0.0.5 41.00 NOTE
r-release-macos-x86_64 0.0.5 79.00 NOTE
r-release-windows-x86_64 0.0.5 10.00 82.00 92.00 NOTE
r-oldrel-macos-arm64 0.0.5 41.00 OK
r-oldrel-macos-x86_64 0.0.5 65.00 OK
r-oldrel-windows-x86_64 0.0.5 11.00 99.00 110.00 OK

Check Details

Version: 0.0.5
Check: DESCRIPTION meta-information
Result: NOTE Missing dependency on R >= 4.1.0 because package code uses the pipe |> or function shorthand \(...) syntax added in R 4.1.0. File(s) using such syntax: ‘federov.R’ Flavors: r-devel-linux-x86_64-debian-clang, r-devel-linux-x86_64-debian-gcc, r-devel-linux-x86_64-fedora-clang, r-devel-linux-x86_64-fedora-gcc, r-devel-windows-x86_64, r-patched-linux-x86_64, r-release-linux-x86_64, r-release-macos-arm64, r-release-macos-x86_64, r-release-windows-x86_64