Last updated on 2024-04-19 19:50:28 CEST.
Flavor | Version | Tinstall | Tcheck | Ttotal | Status | Flags |
---|---|---|---|---|---|---|
r-devel-linux-x86_64-debian-clang | 1.0-4 | 9.68 | 54.68 | 64.36 | NOTE | |
r-devel-linux-x86_64-debian-gcc | 1.0-4 | NOTE | ||||
r-devel-linux-x86_64-fedora-clang | 1.0-4 | 83.98 | NOTE | |||
r-devel-linux-x86_64-fedora-gcc | 1.0-4 | 79.25 | NOTE | |||
r-prerel-macos-arm64 | 1.0-4 | 34.00 | NOTE | |||
r-prerel-windows-x86_64 | 1.0-4 | 7.00 | 82.00 | 89.00 | NOTE | |
r-patched-linux-x86_64 | 1.0-4 | 8.84 | 51.33 | 60.17 | NOTE | |
r-release-linux-x86_64 | 1.0-4 | 7.76 | 51.65 | 59.41 | OK | |
r-release-macos-arm64 | 1.0-4 | 41.00 | OK | |||
r-release-macos-x86_64 | 1.0-4 | 79.00 | OK | |||
r-release-windows-x86_64 | 1.0-4 | 7.00 | 93.00 | 100.00 | OK | |
r-oldrel-macos-arm64 | 1.0-4 | 37.00 | OK | |||
r-oldrel-windows-x86_64 | 1.0-4 | 10.00 | 86.00 | 96.00 | OK |
Version: 1.0-4
Check: Rd files
Result: NOTE
checkRd: (-1) cylinder.counts.Rd:61-62: Lost braces
61 | nucleotide, so that \code{a.c} represents the set {\code{aac}, \code{acc},
| ^
Flavors: r-devel-linux-x86_64-debian-clang, r-devel-linux-x86_64-debian-gcc, r-devel-linux-x86_64-fedora-clang, r-devel-linux-x86_64-fedora-gcc, r-prerel-macos-arm64, r-prerel-windows-x86_64, r-patched-linux-x86_64