CRAN Package Check Results for Package spinBayes

Last updated on 2025-04-16 18:50:17 CEST.

Flavor Version Tinstall Tcheck Ttotal Status Flags
r-devel-linux-x86_64-debian-clang 0.2.2 99.56 58.89 158.45 OK
r-devel-linux-x86_64-debian-gcc 0.2.2 69.03 39.09 108.12 OK
r-devel-linux-x86_64-fedora-clang 0.2.2 292.64 OK
r-devel-linux-x86_64-fedora-gcc 0.2.2 280.03 OK
r-devel-windows-x86_64 0.2.2 104.00 92.00 196.00 OK
r-patched-linux-x86_64 0.2.2 95.19 52.99 148.18 OK
r-release-linux-x86_64 0.2.2 94.15 53.78 147.93 OK
r-release-macos-arm64 0.2.2 69.00 OK
r-release-macos-x86_64 0.2.2 80.00 OK
r-release-windows-x86_64 0.2.2 107.00 90.00 197.00 OK
r-oldrel-macos-arm64 0.2.2 66.00 NOTE
r-oldrel-macos-x86_64 0.2.2 101.00 NOTE
r-oldrel-windows-x86_64 0.2.2 123.00 110.00 233.00 OK

Check Details

Version: 0.2.2
Check: installed package size
Result: NOTE installed size is 6.8Mb sub-directories of 1Mb or more: libs 6.2Mb Flavors: r-oldrel-macos-arm64, r-oldrel-macos-x86_64