Last updated on 2024-07-05 19:04:31 CEST.
Flavor | Version | Tinstall | Tcheck | Ttotal | Status | Flags |
---|---|---|---|---|---|---|
r-devel-linux-x86_64-debian-clang | 2.0.2 | 2.60 | 33.84 | 36.44 | NOTE | |
r-devel-linux-x86_64-debian-gcc | 2.0.2 | 2.02 | 25.55 | 27.57 | NOTE | |
r-devel-linux-x86_64-fedora-clang | 2.0.2 | 46.08 | NOTE | |||
r-devel-linux-x86_64-fedora-gcc | 2.0.2 | 43.55 | NOTE | |||
r-devel-windows-x86_64 | 2.0.2 | 4.00 | 52.00 | 56.00 | NOTE | |
r-patched-linux-x86_64 | 2.0.2 | 3.42 | 31.65 | 35.07 | NOTE | |
r-release-linux-x86_64 | 2.0.2 | 3.30 | 32.59 | 35.89 | NOTE | |
r-release-macos-arm64 | 2.0.2 | 19.00 | NOTE | |||
r-release-macos-x86_64 | 2.0.2 | 31.00 | NOTE | |||
r-release-windows-x86_64 | 2.0.2 | 4.00 | 51.00 | 55.00 | NOTE | |
r-oldrel-macos-arm64 | 2.0.2 | 18.00 | OK | |||
r-oldrel-macos-x86_64 | 2.0.2 | 26.00 | OK | |||
r-oldrel-windows-x86_64 | 2.0.2 | 5.00 | 53.00 | 58.00 | OK |
Version: 2.0.2
Check: Rd files
Result: NOTE
checkRd: (-1) vol.m3.Rd:21: Lost braces in \itemize; meant \describe ?
checkRd: (-1) vol.m3.Rd:22: Lost braces in \itemize; meant \describe ?
checkRd: (-1) vol.m3.Rd:23: Lost braces in \itemize; meant \describe ?
Flavors: r-devel-linux-x86_64-debian-clang, r-devel-linux-x86_64-debian-gcc, r-devel-linux-x86_64-fedora-clang, r-devel-linux-x86_64-fedora-gcc, r-devel-windows-x86_64, r-patched-linux-x86_64, r-release-linux-x86_64, r-release-macos-arm64, r-release-macos-x86_64, r-release-windows-x86_64