Last updated on 2025-10-30 05:51:26 CET.
| Flavor | Version | Tinstall | Tcheck | Ttotal | Status | Flags |
|---|---|---|---|---|---|---|
| r-devel-linux-x86_64-debian-clang | 0.1 | 2.68 | 71.14 | 73.82 | OK | |
| r-devel-linux-x86_64-debian-gcc | 0.1 | 2.29 | 48.70 | 50.99 | OK | |
| r-devel-linux-x86_64-fedora-clang | 0.2 | 33.00 | 330.99 | 363.99 | OK | |
| r-devel-linux-x86_64-fedora-gcc | 0.2 | 29.00 | 455.20 | 484.20 | OK | |
| r-devel-windows-x86_64 | 0.1 | 6.00 | 94.00 | 100.00 | OK | |
| r-patched-linux-x86_64 | 0.1 | 3.08 | 67.35 | 70.43 | OK | |
| r-release-linux-x86_64 | 0.1 | 3.04 | 68.18 | 71.22 | OK | |
| r-release-macos-arm64 | 0.2 | 2.00 | 172.00 | 174.00 | OK | |
| r-release-macos-x86_64 | 0.2 | 5.00 | 497.00 | 502.00 | OK | |
| r-release-windows-x86_64 | 0.1 | 6.00 | 94.00 | 100.00 | OK | |
| r-oldrel-macos-arm64 | 0.2 | 10.00 | ERROR | |||
| r-oldrel-macos-x86_64 | 0.2 | 13.00 | ERROR | |||
| r-oldrel-windows-x86_64 | 0.1 | 7.00 | 119.00 | 126.00 | OK |
Version: 0.2
Check: package dependencies
Result: ERROR
Package required but not available: ‘clitable’
See section ‘The DESCRIPTION file’ in the ‘Writing R Extensions’
manual.
Flavors: r-oldrel-macos-arm64, r-oldrel-macos-x86_64