Last updated on 2025-07-20 18:51:44 CEST.
Flavor | Version | Tinstall | Tcheck | Ttotal | Status | Flags |
---|---|---|---|---|---|---|
r-devel-linux-x86_64-debian-clang | 0.9.4 | 3.89 | 25.23 | 29.12 | OK | |
r-devel-linux-x86_64-debian-gcc | 0.9.4 | 3.80 | 21.20 | 25.00 | OK | |
r-devel-linux-x86_64-fedora-clang | 0.9.4 | 46.34 | OK | |||
r-devel-linux-x86_64-fedora-gcc | 0.9.4 | 57.64 | OK | |||
r-devel-windows-x86_64 | 0.9.4 | 21.00 | 89.00 | 110.00 | OK | |
r-patched-linux-x86_64 | 0.9.4 | 4.27 | 24.57 | 28.84 | OK | |
r-release-linux-x86_64 | 0.9.4 | 4.04 | 24.46 | 28.50 | OK | |
r-release-macos-arm64 | 0.9.4 | 37.00 | OK | |||
r-release-macos-x86_64 | 0.9.4 | 54.00 | OK | |||
r-release-windows-x86_64 | 0.9.4 | 20.00 | 87.00 | 107.00 | OK | |
r-oldrel-macos-arm64 | 0.9.4 | 38.00 | OK | |||
r-oldrel-macos-x86_64 | 0.9.4 | 65.00 | OK | |||
r-oldrel-windows-x86_64 | 0.9.4 | 24.00 | 113.00 | 137.00 | NOTE |
Version: 0.9.4
Check: installed package size
Result: NOTE
installed size is 5.7Mb
sub-directories of 1Mb or more:
libs 4.8Mb
Flavor: r-oldrel-windows-x86_64