Last updated on 2024-04-23 18:51:12 CEST.
Flavor | Version | Tinstall | Tcheck | Ttotal | Status | Flags |
---|---|---|---|---|---|---|
r-devel-linux-x86_64-debian-clang | 1.1.0-1 | 28.01 | 166.67 | 194.68 | OK | |
r-devel-linux-x86_64-debian-gcc | 1.1.0-1 | 29.27 | 120.81 | 150.08 | OK | |
r-devel-linux-x86_64-fedora-clang | 1.1.0-1 | 250.65 | OK | |||
r-devel-linux-x86_64-fedora-gcc | 1.1.0-1 | 246.09 | OK | |||
r-prerel-macos-arm64 | 1.1.0-1 | 64.00 | OK | |||
r-prerel-macos-x86_64 | 1.1.0-1 | 201.00 | OK | |||
r-prerel-windows-x86_64 | 1.1.0-1 | 37.00 | 140.00 | 177.00 | OK | |
r-patched-linux-x86_64 | 1.1.0-1 | 29.81 | 162.40 | 192.21 | NOTE | |
r-release-linux-x86_64 | 1.1.0-1 | 23.54 | 168.58 | 192.12 | OK | |
r-release-macos-arm64 | 1.1.0-1 | 72.00 | OK | |||
r-release-macos-x86_64 | 1.1.0-1 | 179.00 | OK | |||
r-release-windows-x86_64 | 1.1.0-1 | 46.00 | 176.00 | 222.00 | OK | |
r-oldrel-macos-arm64 | 1.1.0-1 | 68.00 | OK | |||
r-oldrel-windows-x86_64 | 1.1.0-1 | 45.00 | 168.00 | 213.00 | OK |
Version: 1.1.0-1
Check: package dependencies
Result: NOTE
Package suggested but not available for checking: ‘densEstBayes’
Flavor: r-patched-linux-x86_64