Last updated on 2025-11-23 05:50:35 CET.
| Flavor | Version | Tinstall | Tcheck | Ttotal | Status | Flags |
|---|---|---|---|---|---|---|
| r-devel-linux-x86_64-debian-clang | 0.3.1 | 8.26 | 66.59 | 74.85 | NOTE | |
| r-devel-linux-x86_64-debian-gcc | 0.3.1 | 5.98 | 50.01 | 55.99 | NOTE | |
| r-devel-linux-x86_64-fedora-clang | 0.3.1 | 45.00 | 78.08 | 123.08 | NOTE | |
| r-devel-linux-x86_64-fedora-gcc | 0.3.1 | 18.00 | 88.10 | 106.10 | NOTE | |
| r-devel-windows-x86_64 | 0.3.1 | 14.00 | 76.00 | 90.00 | NOTE | |
| r-patched-linux-x86_64 | 0.3.1 | 8.07 | 61.58 | 69.65 | NOTE | |
| r-release-linux-x86_64 | 0.3.1 | 6.45 | 62.02 | 68.47 | NOTE | |
| r-release-macos-arm64 | 0.3.1 | NOTE | ||||
| r-release-macos-x86_64 | 0.3.1 | 7.00 | 55.00 | 62.00 | NOTE | |
| r-release-windows-x86_64 | 0.3.1 | 10.00 | 87.00 | 97.00 | NOTE | |
| r-oldrel-macos-arm64 | 0.3.1 | OK | ||||
| r-oldrel-macos-x86_64 | 0.3.1 | 6.00 | 45.00 | 51.00 | OK | |
| r-oldrel-windows-x86_64 | 0.3.1 | 12.00 | 93.00 | 105.00 | OK |
Version: 0.3.1
Check: DESCRIPTION meta-information
Result: NOTE
Missing dependency on R >= 4.1.0 because package code uses the pipe
|> or function shorthand \(...) syntax added in R 4.1.0.
File(s) using such syntax:
‘stamp.direction.r’
Flavors: r-devel-linux-x86_64-debian-clang, r-devel-linux-x86_64-debian-gcc, r-devel-linux-x86_64-fedora-clang, r-devel-linux-x86_64-fedora-gcc, r-devel-windows-x86_64, r-patched-linux-x86_64, r-release-linux-x86_64, r-release-macos-arm64, r-release-macos-x86_64, r-release-windows-x86_64