Last updated on 2025-07-25 18:56:11 CEST.
Flavor | Version | Tinstall | Tcheck | Ttotal | Status | Flags |
---|---|---|---|---|---|---|
r-devel-linux-x86_64-debian-clang | 0.7.7 | 6.61 | 66.69 | 73.30 | OK | |
r-devel-linux-x86_64-debian-gcc | 0.7.7 | 4.21 | 48.01 | 52.22 | OK | |
r-devel-linux-x86_64-fedora-clang | 0.7.7 | 113.43 | OK | |||
r-devel-linux-x86_64-fedora-gcc | 0.7.7 | 130.25 | OK | |||
r-devel-windows-x86_64 | 0.7.7 | 8.00 | 80.00 | 88.00 | OK | |
r-patched-linux-x86_64 | 0.7.6 | 6.40 | 61.41 | 67.81 | NOTE | |
r-release-linux-x86_64 | 0.7.6 | 6.14 | 60.76 | 66.90 | NOTE | |
r-release-macos-arm64 | 0.7.6 | 62.00 | OK | |||
r-release-macos-x86_64 | 0.7.7 | 75.00 | OK | |||
r-release-windows-x86_64 | 0.7.7 | 8.00 | 86.00 | 94.00 | OK | |
r-oldrel-macos-arm64 | 0.7.6 | 40.00 | OK | |||
r-oldrel-macos-x86_64 | 0.7.7 | 107.00 | OK | |||
r-oldrel-windows-x86_64 | 0.7.7 | 10.00 | 96.00 | 106.00 | OK |
Version: 0.7.6
Check: Rd cross-references
Result: NOTE
Found the following Rd file(s) with Rd \link{} targets missing package
anchors:
elapsed.Rd: week, month, year
Please provide package anchors for all Rd \link{} targets not in the
package itself and the base packages.
Flavors: r-patched-linux-x86_64, r-release-linux-x86_64