Last updated on 2025-07-25 18:56:11 CEST.
Flavor | Version | Tinstall | Tcheck | Ttotal | Status | Flags |
---|---|---|---|---|---|---|
r-devel-linux-x86_64-debian-clang | 0.5.1 | 2.96 | 62.01 | 64.97 | OK | |
r-devel-linux-x86_64-debian-gcc | 0.5.1 | 2.48 | 47.81 | 50.29 | OK | |
r-devel-linux-x86_64-fedora-clang | 0.5.1 | 93.65 | OK | |||
r-devel-linux-x86_64-fedora-gcc | 0.5.1 | 96.26 | OK | |||
r-devel-windows-x86_64 | 0.5.1 | 6.00 | 91.00 | 97.00 | OK | |
r-patched-linux-x86_64 | 0.5.1 | 3.08 | 59.17 | 62.25 | OK | |
r-release-linux-x86_64 | 0.5.1 | 3.37 | 58.40 | 61.77 | OK | |
r-release-macos-arm64 | 0.5.1 | 36.00 | OK | |||
r-release-macos-x86_64 | 0.5.1 | 56.00 | OK | |||
r-release-windows-x86_64 | 0.5.1 | 5.00 | 86.00 | 91.00 | OK | |
r-oldrel-macos-arm64 | 0.5.1 | 37.00 | NOTE | |||
r-oldrel-macos-x86_64 | 0.5.1 | 55.00 | NOTE | |||
r-oldrel-windows-x86_64 | 0.5.1 | 6.00 | 101.00 | 107.00 | NOTE |
Version: 0.5.1
Check: LazyData
Result: NOTE
'LazyData' is specified without a 'data' directory
Flavors: r-oldrel-macos-arm64, r-oldrel-macos-x86_64, r-oldrel-windows-x86_64