Last updated on 2025-07-27 06:49:42 CEST.
Flavor | Version | Tinstall | Tcheck | Ttotal | Status | Flags |
---|---|---|---|---|---|---|
r-devel-linux-x86_64-debian-clang | 0.2.3 | 3.62 | 27.34 | 30.96 | OK | |
r-devel-linux-x86_64-debian-gcc | 0.2.3 | 2.51 | 22.17 | 24.68 | OK | |
r-devel-linux-x86_64-fedora-clang | 0.2.3 | 44.25 | OK | |||
r-devel-linux-x86_64-fedora-gcc | 0.2.3 | 42.13 | OK | |||
r-devel-windows-x86_64 | 0.2.3 | 8.00 | 61.00 | 69.00 | OK | |
r-patched-linux-x86_64 | 0.2.3 | 3.46 | 25.40 | 28.86 | OK | |
r-release-linux-x86_64 | 0.2.3 | 3.14 | 25.04 | 28.18 | OK | |
r-release-macos-arm64 | 0.2.3 | 21.00 | OK | |||
r-release-macos-x86_64 | 0.2.3 | 34.00 | OK | |||
r-release-windows-x86_64 | 0.2.3 | 7.00 | 51.00 | 58.00 | OK | |
r-oldrel-macos-arm64 | 0.2.3 | 19.00 | NOTE | |||
r-oldrel-macos-x86_64 | 0.2.3 | 30.00 | NOTE | |||
r-oldrel-windows-x86_64 | 0.2.3 | 8.00 | 58.00 | 66.00 | NOTE |
Version: 0.2.3
Check: LazyData
Result: NOTE
'LazyData' is specified without a 'data' directory
Flavors: r-oldrel-macos-arm64, r-oldrel-macos-x86_64, r-oldrel-windows-x86_64