Last updated on 2025-07-18 18:51:28 CEST.
Flavor | Version | Tinstall | Tcheck | Ttotal | Status | Flags |
---|---|---|---|---|---|---|
r-devel-linux-x86_64-debian-clang | 1.1.4 | 44.76 | 144.01 | 188.77 | NOTE | |
r-devel-linux-x86_64-debian-gcc | 1.1.4 | 29.91 | 101.66 | 131.57 | NOTE | |
r-devel-linux-x86_64-fedora-clang | 1.1.4 | 294.70 | OK | |||
r-devel-linux-x86_64-fedora-gcc | 1.1.4 | 278.35 | OK | |||
r-devel-windows-x86_64 | 1.1.4 | 46.00 | 164.00 | 210.00 | OK | |
r-patched-linux-x86_64 | 1.1.4 | 39.31 | 133.25 | 172.56 | OK | |
r-release-linux-x86_64 | 1.1.4 | 38.29 | 133.93 | 172.22 | OK | |
r-release-macos-arm64 | 1.1.4 | 74.00 | OK | |||
r-release-macos-x86_64 | 1.1.4 | 132.00 | OK | |||
r-release-windows-x86_64 | 1.1.4 | 46.00 | 164.00 | 210.00 | OK | |
r-oldrel-macos-arm64 | 1.1.4 | 75.00 | OK | |||
r-oldrel-macos-x86_64 | 1.1.4 | 154.00 | OK | |||
r-oldrel-windows-x86_64 | 1.1.4 | 58.00 | 210.00 | 268.00 | OK |
Version: 1.1.4
Check: CRAN incoming feasibility
Result: NOTE
Maintainer: ‘Dane R. Van Domelen <vandomed@gmail.com>’
No Authors@R field in DESCRIPTION.
Please add one, modifying
Authors@R: person(given = c("Dane", "R."),
family = "Van Domelen",
role = c("aut", "cre"),
email = "vandomed@gmail.com")
as necessary.
Found the following URLs which should use \doi (with the DOI name only):
File ‘stocks.Rd’:
https://doi.org/10.7287/peerj.preprints.3188v1
Flavors: r-devel-linux-x86_64-debian-clang, r-devel-linux-x86_64-debian-gcc