Last updated on 2024-07-03 18:57:48 CEST.
Flavor | Version | Tinstall | Tcheck | Ttotal | Status | Flags |
---|---|---|---|---|---|---|
r-devel-linux-x86_64-debian-clang | 1.1.6 | 133.84 | 62.70 | 196.54 | OK | |
r-devel-linux-x86_64-debian-gcc | 1.1.6 | 100.30 | 48.34 | 148.64 | OK | |
r-devel-linux-x86_64-fedora-clang | 1.1.6 | 255.17 | OK | |||
r-devel-linux-x86_64-fedora-gcc | 1.1.6 | 294.76 | OK | |||
r-devel-windows-x86_64 | 1.1.6 | 102.00 | 94.00 | 196.00 | NOTE | |
r-patched-linux-x86_64 | 1.1.6 | 112.47 | 62.72 | 175.19 | OK | |
r-release-linux-x86_64 | 1.1.6 | 109.08 | 65.13 | 174.21 | OK | |
r-release-macos-arm64 | 1.1.6 | 66.00 | NOTE | |||
r-release-macos-x86_64 | 1.1.6 | 124.00 | NOTE | |||
r-release-windows-x86_64 | 1.1.6 | 100.00 | 92.00 | 192.00 | NOTE | |
r-oldrel-macos-arm64 | 1.1.6 | 91.00 | NOTE | |||
r-oldrel-macos-x86_64 | 1.1.6 | 133.00 | NOTE | |||
r-oldrel-windows-x86_64 | 1.1.6 | 125.00 | 106.00 | 231.00 | NOTE |
Version: 1.1.6
Check: C++ specification
Result: NOTE
Specified C++14: please drop specification unless essential
Flavors: r-devel-windows-x86_64, r-release-windows-x86_64, r-oldrel-windows-x86_64
Version: 1.1.6
Check: installed package size
Result: NOTE
installed size is 10.1Mb
sub-directories of 1Mb or more:
libs 8.8Mb
Flavors: r-release-macos-arm64, r-release-macos-x86_64, r-oldrel-macos-arm64, r-oldrel-macos-x86_64