Last updated on 2025-07-25 06:49:47 CEST.
Flavor | Version | Tinstall | Tcheck | Ttotal | Status | Flags |
---|---|---|---|---|---|---|
r-devel-linux-x86_64-debian-clang | 1.5-4 | 8.31 | 63.97 | 72.28 | NOTE | |
r-devel-linux-x86_64-debian-gcc | 1.5-4 | 6.16 | 46.23 | 52.39 | NOTE | |
r-devel-linux-x86_64-fedora-clang | 1.5-4 | 108.81 | NOTE | |||
r-devel-linux-x86_64-fedora-gcc | 1.5-4 | 119.25 | NOTE | |||
r-devel-windows-x86_64 | 1.5-4 | 13.00 | 128.00 | 141.00 | NOTE | |
r-patched-linux-x86_64 | 1.5-4 | 9.33 | 60.19 | 69.52 | NOTE | |
r-release-linux-x86_64 | 1.5-4 | 7.79 | 60.23 | 68.02 | NOTE | |
r-release-macos-arm64 | 1.5-4 | 44.00 | NOTE | |||
r-release-macos-x86_64 | 1.5-4 | 85.00 | NOTE | |||
r-release-windows-x86_64 | 1.5-4 | 12.00 | 120.00 | 132.00 | NOTE | |
r-oldrel-macos-arm64 | 1.5-4 | 43.00 | NOTE | |||
r-oldrel-macos-x86_64 | 1.5-4 | 140.00 | NOTE | |||
r-oldrel-windows-x86_64 | 1.5-4 | 16.00 | 125.00 | 141.00 | NOTE |
Version: 1.5-4
Check: R code for possible problems
Result: NOTE
efpFunctional: multiple local function definitions for ‘plotProcess’
with different formal arguments
mefp.efp: multiple local function definitions for ‘computeEmpProc’ with
different formal arguments
Flavors: r-devel-linux-x86_64-debian-clang, r-devel-linux-x86_64-debian-gcc, r-devel-linux-x86_64-fedora-clang, r-devel-linux-x86_64-fedora-gcc, r-devel-windows-x86_64, r-patched-linux-x86_64, r-release-linux-x86_64, r-release-macos-arm64, r-release-macos-x86_64, r-release-windows-x86_64, r-oldrel-macos-arm64, r-oldrel-macos-x86_64, r-oldrel-windows-x86_64