CRAN Package Check Results for Package surbayes

Last updated on 2025-11-23 05:50:36 CET.

Flavor Version Tinstall Tcheck Ttotal Status Flags
r-devel-linux-x86_64-debian-clang 0.1.2 50.43 58.93 109.36 WARN
r-devel-linux-x86_64-debian-gcc 0.1.2 36.23 43.36 79.59 WARN
r-devel-linux-x86_64-fedora-clang 0.1.2 73.00 119.23 192.23 NOTE
r-devel-linux-x86_64-fedora-gcc 0.1.2 73.00 106.07 179.07 NOTE
r-devel-windows-x86_64 0.1.2 65.00 84.00 149.00 NOTE
r-patched-linux-x86_64 0.1.2 55.47 54.82 110.29 NOTE
r-release-linux-x86_64 0.1.2 55.48 54.50 109.98 NOTE
r-release-macos-arm64 0.1.2 NOTE
r-release-macos-x86_64 0.1.2 24.00 52.00 76.00 NOTE
r-release-windows-x86_64 0.1.2 63.00 98.00 161.00 NOTE
r-oldrel-macos-arm64 0.1.2 NOTE
r-oldrel-macos-x86_64 0.1.2 19.00 41.00 60.00 NOTE
r-oldrel-windows-x86_64 0.1.2 75.00 108.00 183.00 NOTE

Check Details

Version: 0.1.2
Check: CRAN incoming feasibility
Result: NOTE Maintainer: ‘Ethan Alt <ethanalt@live.unc.edu>’ No Authors@R field in DESCRIPTION. Please add one, modifying Authors@R: person(given = "Ethan", family = "Alt", role = c("aut", "cre"), email = "ethanalt@live.unc.edu") as necessary. Flavors: r-devel-linux-x86_64-debian-clang, r-devel-linux-x86_64-debian-gcc

Version: 0.1.2
Check: whether package can be installed
Result: WARN Found the following significant warnings: /home/hornik/tmp/R.check/r-devel-clang/Work/build/Packages/RcppArmadillo/include/RcppArmadillo/version/arma.h:66:17: warning: Using fallback compilation with Armadillo 14.6.3. Please consider defining -DARMA_USE_CURRENT and also removing C++11 compilation directive. See GitHub issue #475 for more. [-W#pragma-messages] See ‘/home/hornik/tmp/R.check/r-devel-clang/Work/PKGS/surbayes.Rcheck/00install.out’ for details. * used C++ compiler: ‘Debian clang version 21.1.5 (1)’ Flavor: r-devel-linux-x86_64-debian-clang

Version: 0.1.2
Check: C++ specification
Result: NOTE Specified C++11: please drop specification unless essential Flavors: r-devel-linux-x86_64-debian-clang, r-devel-linux-x86_64-debian-gcc, r-devel-linux-x86_64-fedora-clang, r-devel-linux-x86_64-fedora-gcc, r-devel-windows-x86_64, r-patched-linux-x86_64, r-release-linux-x86_64, r-release-macos-arm64, r-release-macos-x86_64, r-release-windows-x86_64, r-oldrel-macos-arm64, r-oldrel-macos-x86_64, r-oldrel-windows-x86_64

Version: 0.1.2
Check: whether package can be installed
Result: WARN Found the following significant warnings: /home/hornik/tmp/R.check/r-devel-gcc/Work/build/Packages/RcppArmadillo/include/RcppArmadillo/version/arma.h:66:199: note: ‘#pragma message: Using fallback compilation with Armadillo 14.6.3. Please consider defining -DARMA_USE_CURRENT and also removing C++11 compilation directive. See GitHub issue #475 for more.’ See ‘/home/hornik/tmp/R.check/r-devel-gcc/Work/PKGS/surbayes.Rcheck/00install.out’ for details. * used C++ compiler: ‘g++-15 (Debian 15.2.0-7) 15.2.0’ Flavor: r-devel-linux-x86_64-debian-gcc