Last updated on 2025-04-15 06:51:56 CEST.
Flavor | Version | Tinstall | Tcheck | Ttotal | Status | Flags |
---|---|---|---|---|---|---|
r-devel-linux-x86_64-debian-clang | 0.3.0 | 13.88 | 123.83 | 137.71 | NOTE | |
r-devel-linux-x86_64-debian-gcc | 0.3.0 | 8.70 | 90.39 | 99.09 | NOTE | |
r-devel-linux-x86_64-fedora-clang | 0.3.0 | 216.44 | OK | |||
r-devel-linux-x86_64-fedora-gcc | 0.3.0 | 218.22 | OK | |||
r-devel-windows-x86_64 | 0.3.0 | 14.00 | 132.00 | 146.00 | NOTE | |
r-patched-linux-x86_64 | 0.3.0 | 11.43 | 118.53 | 129.96 | NOTE | |
r-release-linux-x86_64 | 0.3.0 | 10.95 | 117.78 | 128.73 | NOTE | |
r-release-macos-arm64 | 0.3.0 | 65.00 | OK | |||
r-release-macos-x86_64 | 0.3.0 | 118.00 | OK | |||
r-release-windows-x86_64 | 0.3.0 | 14.00 | 129.00 | 143.00 | NOTE | |
r-oldrel-macos-arm64 | 0.3.0 | 69.00 | OK | |||
r-oldrel-macos-x86_64 | 0.3.0 | 97.00 | OK | |||
r-oldrel-windows-x86_64 | 0.3.0 | 19.00 | 164.00 | 183.00 | OK |
Version: 0.3.0
Check: Rd cross-references
Result: NOTE
Found the following Rd file(s) with Rd \link{} targets missing package
anchors:
forest_plot.Rd: draw_label
forest_plot_grid.Rd: plot_grid
kaplan_meier_grid.Rd: ggsurvplot, save_pdf, marrangeGrob
kaplan_meier_plot.Rd: ggsurvplot, save_pdf
pluck_multivariate_analysis.Rd: coxph
pluck_survival_analysis.Rd: survfit, survdiff, coxph
Please provide package anchors for all Rd \link{} targets not in the
package itself and the base packages.
Flavors: r-devel-linux-x86_64-debian-clang, r-devel-linux-x86_64-debian-gcc, r-devel-windows-x86_64, r-patched-linux-x86_64, r-release-linux-x86_64, r-release-windows-x86_64