Last updated on 2024-03-28 17:49:44 CET.
Flavor | Version | Tinstall | Tcheck | Ttotal | Status | Flags |
---|---|---|---|---|---|---|
r-devel-linux-x86_64-debian-clang | 1.3.11 | 163.53 | 222.24 | 385.77 | OK | |
r-devel-linux-x86_64-debian-gcc | 1.3.11 | 132.35 | 164.62 | 296.97 | OK | |
r-devel-linux-x86_64-fedora-clang | 1.3.11 | 553.84 | OK | |||
r-devel-linux-x86_64-fedora-gcc | 1.3.11 | 573.91 | OK | |||
r-devel-windows-x86_64 | 1.3.11 | 125.00 | 208.00 | 333.00 | OK | |
r-patched-linux-x86_64 | 1.3.11 | 162.41 | 213.62 | 376.03 | OK | |
r-release-linux-x86_64 | 1.3.11 | 158.41 | 216.37 | 374.78 | OK | |
r-release-macos-arm64 | 1.3.11 | 149.00 | NOTE | |||
r-release-macos-x86_64 | 1.3.11 | 239.00 | NOTE | |||
r-release-windows-x86_64 | 1.3.11 | 157.00 | 249.00 | 406.00 | OK | |
r-oldrel-macos-arm64 | 1.3.11 | 106.00 | NOTE | |||
r-oldrel-windows-x86_64 | 1.3.11 | 156.00 | 250.00 | 406.00 | OK |
Version: 1.3.11
Check: installed package size
Result: NOTE
installed size is 9.0Mb
sub-directories of 1Mb or more:
help 1.0Mb
libs 7.2Mb
Flavors: r-release-macos-arm64, r-release-macos-x86_64, r-oldrel-macos-arm64