Last updated on 2025-07-20 06:50:24 CEST.
Flavor | Version | Tinstall | Tcheck | Ttotal | Status | Flags |
---|---|---|---|---|---|---|
r-devel-linux-x86_64-debian-clang | 0.2.7 | 121.95 | 56.24 | 178.19 | OK | |
r-devel-linux-x86_64-debian-gcc | 0.2.7 | 100.64 | 49.79 | 150.43 | OK | |
r-devel-linux-x86_64-fedora-clang | 0.2.7 | 278.09 | OK | |||
r-devel-linux-x86_64-fedora-gcc | 0.2.7 | 354.78 | OK | |||
r-devel-windows-x86_64 | 0.2.7 | 126.00 | 131.00 | 257.00 | OK | |
r-patched-linux-x86_64 | 0.2.7 | 133.43 | 64.69 | 198.12 | OK | |
r-release-linux-x86_64 | 0.2.7 | 135.51 | 64.82 | 200.33 | OK | |
r-release-macos-arm64 | 0.2.7 | 94.00 | OK | |||
r-release-macos-x86_64 | 0.2.7 | 166.00 | OK | |||
r-release-windows-x86_64 | 0.2.7 | 128.00 | 123.00 | 251.00 | OK | |
r-oldrel-macos-arm64 | 0.2.7 | 87.00 | NOTE | |||
r-oldrel-macos-x86_64 | 0.2.7 | 157.00 | NOTE | |||
r-oldrel-windows-x86_64 | 0.2.7 | 149.00 | 152.00 | 301.00 | NOTE |
Version: 0.2.7
Check: installed package size
Result: NOTE
installed size is 49.0Mb
sub-directories of 1Mb or more:
libs 48.5Mb
Flavors: r-oldrel-macos-arm64, r-oldrel-macos-x86_64, r-oldrel-windows-x86_64