Last updated on 2024-04-19 06:56:34 CEST.
Flavor | Version | Tinstall | Tcheck | Ttotal | Status | Flags |
---|---|---|---|---|---|---|
r-devel-linux-x86_64-debian-clang | 0.8.1 | 6.46 | 57.36 | 63.82 | NOTE | |
r-devel-linux-x86_64-debian-gcc | 0.8.1 | NOTE | ||||
r-devel-linux-x86_64-fedora-clang | 0.8.1 | 81.20 | NOTE | |||
r-devel-linux-x86_64-fedora-gcc | 0.8.1 | 74.15 | NOTE | |||
r-prerel-macos-arm64 | 0.8.1 | 26.00 | NOTE | |||
r-prerel-windows-x86_64 | 0.8.1 | 7.00 | 65.00 | 72.00 | NOTE | |
r-patched-linux-x86_64 | 0.8.1 | 4.60 | 52.43 | 57.03 | NOTE | |
r-release-linux-x86_64 | 0.8.1 | 5.23 | 53.00 | 58.23 | NOTE | |
r-release-macos-arm64 | 0.8.1 | 29.00 | NOTE | |||
r-release-macos-x86_64 | 0.8.1 | 43.00 | NOTE | |||
r-release-windows-x86_64 | 0.8.1 | 8.00 | 70.00 | 78.00 | NOTE | |
r-oldrel-macos-arm64 | 0.8.1 | 28.00 | NOTE | |||
r-oldrel-windows-x86_64 | 0.8.1 | 9.00 | 78.00 | 87.00 | NOTE |
Version: 0.8.1
Check: LazyData
Result: NOTE
'LazyData' is specified without a 'data' directory
Flavors: r-devel-linux-x86_64-debian-clang, r-devel-linux-x86_64-debian-gcc, r-devel-linux-x86_64-fedora-clang, r-devel-linux-x86_64-fedora-gcc, r-prerel-macos-arm64, r-prerel-windows-x86_64, r-patched-linux-x86_64, r-release-linux-x86_64, r-release-macos-arm64, r-release-macos-x86_64, r-release-windows-x86_64, r-oldrel-macos-arm64, r-oldrel-windows-x86_64