Last updated on 2024-07-03 18:57:49 CEST.
Flavor | Version | Tinstall | Tcheck | Ttotal | Status | Flags |
---|---|---|---|---|---|---|
r-devel-linux-x86_64-debian-clang | 5.17.14.1 | 2.33 | 22.81 | 25.14 | OK | |
r-devel-linux-x86_64-debian-gcc | 5.17.14.1 | 2.09 | 18.07 | 20.16 | OK | |
r-devel-linux-x86_64-fedora-clang | 5.17.14.1 | 32.76 | NOTE | |||
r-devel-linux-x86_64-fedora-gcc | 5.17.14.1 | 30.21 | OK | |||
r-devel-windows-x86_64 | 5.17.14 | 4.00 | 203.00 | 207.00 | ERROR | |
r-patched-linux-x86_64 | 5.17.14 | 2.46 | 26.40 | 28.86 | OK | |
r-release-linux-x86_64 | 5.17.14.1 | 2.42 | 22.24 | 24.66 | OK | |
r-release-macos-arm64 | 5.17.14.1 | 27.00 | NOTE | |||
r-release-macos-x86_64 | 5.17.14.1 | 54.00 | NOTE | |||
r-release-windows-x86_64 | 5.17.14.1 | 4.00 | 40.00 | 44.00 | NOTE | |
r-oldrel-macos-arm64 | 5.17.14.1 | 36.00 | NOTE | |||
r-oldrel-macos-x86_64 | 5.17.14.1 | 59.00 | NOTE | |||
r-oldrel-windows-x86_64 | 5.17.14.1 | 4.00 | 43.00 | 47.00 | NOTE |
Version: 5.17.14.1
Check: installed package size
Result: NOTE
installed size is 6.3Mb
sub-directories of 1Mb or more:
dist3 2.0Mb
dist4 1.8Mb
dist5 2.1Mb
Flavors: r-devel-linux-x86_64-fedora-clang, r-release-macos-arm64, r-release-macos-x86_64, r-release-windows-x86_64, r-oldrel-macos-arm64, r-oldrel-macos-x86_64, r-oldrel-windows-x86_64
Version: 5.17.14
Check: installed package size
Result: NOTE
installed size is 6.1Mb
sub-directories of 1Mb or more:
dist3 2.0Mb
dist4 1.7Mb
dist5 2.1Mb
Flavor: r-devel-windows-x86_64
Version: 5.17.14
Check: tests
Result: ERROR
Running 'testthat.R' [164s]
Running the tests in 'tests/testthat.R' failed.
Complete output:
> library(testthat)
> library(swagger)
>
> test_check("swagger")
[ FAIL 1 | WARN 2 | SKIP 0 | PASS 60 ]
══ Failed tests ════════════════════════════════════════════════════════════════
── Error ('test-md5sum.R:35:7'): index.js md5 sum in package match swagger version released md5sum ──
Error in `download.file(paste0("https://unpkg.com/swagger-ui-dist@", swagger_ui_version,
"/", f), file.path(tmpd, f), mode = "wb", quiet = TRUE)`: cannot open URL 'https://unpkg.com/swagger-ui-dist@3.52.5/index.js'
Backtrace:
▆
1. └─utils::download.file(...) at test-md5sum.R:35:7
[ FAIL 1 | WARN 2 | SKIP 0 | PASS 60 ]
Error: Test failures
Execution halted
Flavor: r-devel-windows-x86_64