CRAN Package Check Results for Package sylly

Last updated on 2025-11-23 05:50:36 CET.

Flavor Version Tinstall Tcheck Ttotal Status Flags
r-devel-linux-x86_64-debian-clang 0.1-6 3.75 37.94 41.69 NOTE
r-devel-linux-x86_64-debian-gcc 0.1-6 2.98 28.72 31.70 NOTE
r-devel-linux-x86_64-fedora-clang 0.1-6 18.00 51.89 69.89 NOTE
r-devel-linux-x86_64-fedora-gcc 0.1-6 10.00 66.41 76.41 NOTE
r-devel-windows-x86_64 0.1-6 9.00 54.00 63.00 NOTE
r-patched-linux-x86_64 0.1-6 3.62 34.24 37.86 NOTE
r-release-linux-x86_64 0.1-6 3.61 34.14 37.75 NOTE
r-release-macos-arm64 0.1-6 NOTE
r-release-macos-x86_64 0.1-6 5.00 50.00 55.00 NOTE
r-release-windows-x86_64 0.1-6 7.00 61.00 68.00 NOTE
r-oldrel-macos-arm64 0.1-6 NOTE
r-oldrel-macos-x86_64 0.1-6 5.00 37.00 42.00 NOTE
r-oldrel-windows-x86_64 0.1-6 7.00 64.00 71.00 NOTE

Check Details

Version: 0.1-6
Check: Rd files
Result: NOTE checkRd: (-1) kRp.hyphen-methods.Rd:84: Lost braces in \itemize; meant \describe ? checkRd: (-1) kRp.hyphen-methods.Rd:85: Lost braces in \itemize; meant \describe ? checkRd: (-1) kRp.hyphen-methods.Rd:86: Lost braces in \itemize; meant \describe ? checkRd: (-1) kRp.hyphen-methods.Rd:87: Lost braces in \itemize; meant \describe ? checkRd: (-1) manage.hyph.pat.Rd:53: Lost braces in \itemize; meant \describe ? checkRd: (-1) manage.hyph.pat.Rd:54: Lost braces in \itemize; meant \describe ? checkRd: (-1) manage.hyph.pat.Rd:55: Lost braces in \itemize; meant \describe ? checkRd: (-1) manage.hyph.pat.Rd:56: Lost braces in \itemize; meant \describe ? Flavors: r-devel-linux-x86_64-debian-clang, r-devel-linux-x86_64-debian-gcc, r-devel-linux-x86_64-fedora-clang, r-devel-linux-x86_64-fedora-gcc, r-devel-windows-x86_64, r-patched-linux-x86_64, r-release-linux-x86_64, r-release-macos-arm64, r-release-macos-x86_64, r-release-windows-x86_64, r-oldrel-macos-arm64, r-oldrel-macos-x86_64, r-oldrel-windows-x86_64

Version: 0.1-6
Check: package dependencies
Result: NOTE Packages suggested but not available for checking: 'sylly.de', 'sylly.es' Flavors: r-oldrel-macos-arm64, r-oldrel-macos-x86_64, r-oldrel-windows-x86_64