Last updated on 2025-11-23 05:50:36 CET.
| Flavor | Version | Tinstall | Tcheck | Ttotal | Status | Flags |
|---|---|---|---|---|---|---|
| r-devel-linux-x86_64-debian-clang | 1.0.4 | 8.33 | 81.73 | 90.06 | NOTE | |
| r-devel-linux-x86_64-debian-gcc | 1.0.4 | 5.76 | 58.01 | 63.77 | NOTE | |
| r-devel-linux-x86_64-fedora-clang | 1.0.4 | 18.00 | 117.75 | 135.75 | NOTE | |
| r-devel-linux-x86_64-fedora-gcc | 1.0.4 | 18.00 | 107.91 | 125.91 | NOTE | |
| r-devel-windows-x86_64 | 1.0.4 | 12.00 | 108.00 | 120.00 | OK | |
| r-patched-linux-x86_64 | 1.0.4 | 8.39 | 75.04 | 83.43 | NOTE | |
| r-release-linux-x86_64 | 1.0.4 | 8.06 | 76.88 | 84.94 | NOTE | |
| r-release-macos-arm64 | 1.0.4 | OK | ||||
| r-release-macos-x86_64 | 1.0.4 | 7.00 | 59.00 | 66.00 | OK | |
| r-release-windows-x86_64 | 1.0.4 | 10.00 | 104.00 | 114.00 | OK | |
| r-oldrel-macos-arm64 | 1.0.4 | OK | ||||
| r-oldrel-macos-x86_64 | 1.0.4 | 5.00 | 52.00 | 57.00 | OK | |
| r-oldrel-windows-x86_64 | 1.0.4 | 14.00 | 123.00 | 137.00 | OK |
Version: 1.0.4
Check: CRAN incoming feasibility
Result: NOTE
Maintainer: ‘Suraj Yerramilli <surajyerramilli@gmail.com>’
No Authors@R field in DESCRIPTION.
Please add one, modifying
Authors@R: c(person(given = "Suraj",
family = "Yerramilli",
role = c("aut", "cre"),
email = "surajyerramilli@gmail.com"),
person(given = "Arun",
family = "Tangirala",
role = "aut"))
as necessary.
Flavors: r-devel-linux-x86_64-debian-clang, r-devel-linux-x86_64-debian-gcc
Version: 1.0.4
Check: for non-standard things in the check directory
Result: NOTE
Found the following files/directories:
‘test.csv’
Flavors: r-devel-linux-x86_64-debian-clang, r-devel-linux-x86_64-debian-gcc, r-devel-linux-x86_64-fedora-clang, r-devel-linux-x86_64-fedora-gcc, r-patched-linux-x86_64, r-release-linux-x86_64