Last updated on 2025-11-23 05:50:36 CET.
| Flavor | Version | Tinstall | Tcheck | Ttotal | Status | Flags |
|---|---|---|---|---|---|---|
| r-devel-linux-x86_64-debian-clang | 1.3.1 | 53.56 | 61.66 | 115.22 | OK | |
| r-devel-linux-x86_64-debian-gcc | 1.3.1 | 39.90 | 45.95 | 85.85 | OK | |
| r-devel-linux-x86_64-fedora-clang | 1.3.1 | 113.00 | 79.67 | 192.67 | OK | |
| r-devel-linux-x86_64-fedora-gcc | 1.3.1 | 107.00 | 87.26 | 194.26 | OK | |
| r-devel-windows-x86_64 | 1.3.1 | 93.00 | 92.00 | 185.00 | OK | |
| r-patched-linux-x86_64 | 1.3.1 | 56.11 | 56.88 | 112.99 | OK | |
| r-release-linux-x86_64 | 1.3.1 | 55.59 | 56.16 | 111.75 | OK | |
| r-release-macos-arm64 | 1.3.1 | OK | ||||
| r-release-macos-x86_64 | 1.3.1 | 28.00 | 110.00 | 138.00 | OK | |
| r-release-windows-x86_64 | 1.3.1 | 76.00 | 101.00 | 177.00 | OK | |
| r-oldrel-macos-arm64 | 1.3.1 | NOTE | ||||
| r-oldrel-macos-x86_64 | 1.3.1 | 24.00 | 84.00 | 108.00 | NOTE | |
| r-oldrel-windows-x86_64 | 1.3.1 | 87.00 | 117.00 | 204.00 | OK |
Version: 1.3.1
Check: installed package size
Result: NOTE
installed size is 26.2Mb
sub-directories of 1Mb or more:
libs 25.2Mb
Flavors: r-oldrel-macos-arm64, r-oldrel-macos-x86_64