Last updated on 2025-07-27 06:49:42 CEST.
Flavor | Version | Tinstall | Tcheck | Ttotal | Status | Flags |
---|---|---|---|---|---|---|
r-devel-linux-x86_64-debian-clang | 1.0.0 | 4.42 | 36.35 | 40.77 | OK | |
r-devel-linux-x86_64-debian-gcc | 1.0.0 | 3.17 | 26.53 | 29.70 | OK | |
r-devel-linux-x86_64-fedora-clang | 1.0.0 | 58.69 | NOTE | |||
r-devel-linux-x86_64-fedora-gcc | 1.0.0 | 53.23 | NOTE | |||
r-devel-windows-x86_64 | 1.0.0 | 6.00 | 59.00 | 65.00 | OK | |
r-patched-linux-x86_64 | 1.0.0 | 4.26 | 32.01 | 36.27 | OK | |
r-release-linux-x86_64 | 1.0.0 | 4.33 | 31.77 | 36.10 | OK | |
r-release-macos-arm64 | 1.0.0 | 22.00 | OK | |||
r-release-macos-x86_64 | 1.0.0 | 39.00 | OK | |||
r-release-windows-x86_64 | 1.0.0 | 6.00 | 51.00 | 57.00 | OK | |
r-oldrel-macos-arm64 | 1.0.0 | 23.00 | NOTE | |||
r-oldrel-macos-x86_64 | 1.0.0 | 32.00 | NOTE | |||
r-oldrel-windows-x86_64 | 1.0.0 | 7.00 | 59.00 | 66.00 | NOTE |
Version: 1.0.0
Check: dependencies in R code
Result: NOTE
Namespaces in Imports field not imported from:
‘stringr’ ‘tibble’
All declared Imports should be used.
Flavors: r-devel-linux-x86_64-fedora-clang, r-devel-linux-x86_64-fedora-gcc
Version: 1.0.0
Check: LazyData
Result: NOTE
'LazyData' is specified without a 'data' directory
Flavors: r-oldrel-macos-arm64, r-oldrel-macos-x86_64, r-oldrel-windows-x86_64