Last updated on 2024-05-02 18:48:28 CEST.
Flavor | Version | Tinstall | Tcheck | Ttotal | Status | Flags |
---|---|---|---|---|---|---|
r-devel-linux-x86_64-debian-clang | 0.10.6 | 4.68 | 100.68 | 105.36 | OK | |
r-devel-linux-x86_64-debian-gcc | 0.10.6 | 3.48 | 73.24 | 76.72 | OK | |
r-devel-linux-x86_64-fedora-clang | 0.10.6 | 128.88 | OK | |||
r-devel-linux-x86_64-fedora-gcc | 0.10.6 | 150.87 | OK | |||
r-devel-windows-x86_64 | 0.10.6 | 7.00 | 109.00 | 116.00 | OK | |
r-patched-linux-x86_64 | 0.10.6 | 5.46 | 94.21 | 99.67 | ERROR | |
r-release-linux-x86_64 | 0.10.6 | 4.29 | 93.80 | 98.09 | OK | |
r-release-macos-arm64 | 0.10.6 | 58.00 | OK | |||
r-release-windows-x86_64 | 0.10.6 | 8.00 | 109.00 | 117.00 | OK | |
r-oldrel-macos-arm64 | 0.10.6 | 60.00 | OK | |||
r-oldrel-macos-x86_64 | 0.10.6 | 110.00 | OK | |||
r-oldrel-windows-x86_64 | 0.10.6 | 8.00 | 132.00 | 140.00 | OK |
Version: 0.10.6
Check: tests
Result: ERROR
Running ‘testthat.R’ [48s/70s]
Running the tests in ‘tests/testthat.R’ failed.
Complete output:
> library(testthat)
> library(taxonomizr)
> library(data.table)
> library(RSQLite)
> test_check("taxonomizr")
Download status: 0 done; 1 in progress (0 b/s). Total size: 359 b (100%)...
Download status: 1 done; 0 in progress. Total size: 359 b (100%)... done!
Download status: 1 done; 0 in progress. Total size: 359 b (100%)... done!
Download status: 1 done; 0 in progress. Total size: 359 b (100%)... done!
Download status: 1 done; 0 in progress. Total size: 359 b (100%)... done!
Download status: 1 done; 0 in progress. Total size: 359 b (100%)... done!
Download status: 1 done; 0 in progress. Total size: 4 b (100%)... done!
Download status: 1 done; 0 in progress. Total size: 4 b (100%)... done!
Download status: 1 done; 0 in progress. Total size: 4 b (100%)... done!
Download status: 1 done; 0 in progress. Total size: 4 b (100%)... done!
Download status: 1 done; 0 in progress. Total size: 4 b (100%)... done!
Download status: 1 done; 0 in progress. Total size: 4 b (100%)... done!
Download status: 1 done; 0 in progress. Total size: 4 b (100%)... done!
Download status: 1 done; 0 in progress. Total size: 4 b (100%)... done!
Download status: 1 done; 0 in progress. Total size: 4 b (100%)... done!
Download status: 1 done; 0 in progress. Total size: 0 b ... done!
Download status: 1 done; 0 in progress. Total size: 0 b ... done!
Download status: 1 done; 0 in progress. Total size: 359 b (100%)... done!
Download status: 1 done; 0 in progress. Total size: 15 b (100%)... done!
Download status: 1 done; 0 in progress. Total size: 15 b (100%)... done!
Download status: 1 done; 0 in progress. Total size: 15 b (100%)... done!
Download status: 1 done; 0 in progress. Total size: 15 b (100%)... done!
Download status: 1 done; 0 in progress. Total size: 15 b (100%)... done!
Download status: 1 done; 0 in progress. Total size: 0 b ... done!
Download status: 0 done; 1 in progress (0 b/s). Total size: 0 b (??%)...
Download status: 1 done; 0 in progress. Total size: 0 b ... done!
[ FAIL 1 | WARN 0 | SKIP 0 | PASS 373 ]
══ Failed tests ════════════════════════════════════════════════════════════════
── Failure ('test_taxa.R:975:3'): Test resumableDownload ───────────────────────
`resumableDownload(...)` threw an error with unexpected message.
Expected match: "404"
Actual message: "Download failed with error: \"SSL connection timeout\"."
Backtrace:
▆
1. ├─testthat::expect_error(...) at test_taxa.R:975:3
2. │ └─testthat:::quasi_capture(...)
3. │ ├─testthat (local) .capture(...)
4. │ │ └─base::withCallingHandlers(...)
5. │ └─rlang::eval_bare(quo_get_expr(.quo), quo_get_env(.quo))
6. └─taxonomizr:::resumableDownload(...)
[ FAIL 1 | WARN 0 | SKIP 0 | PASS 373 ]
Error: Test failures
Execution halted
Flavor: r-patched-linux-x86_64