Last updated on 2024-03-28 17:49:44 CET.
Flavor | Version | Tinstall | Tcheck | Ttotal | Status | Flags |
---|---|---|---|---|---|---|
r-devel-linux-x86_64-debian-clang | 1.1.8 | 134.03 | 156.95 | 290.98 | OK | |
r-devel-linux-x86_64-debian-gcc | 1.1.8 | 115.55 | 127.88 | 243.43 | OK | |
r-devel-linux-x86_64-fedora-clang | 1.1.8 | 405.99 | OK | |||
r-devel-linux-x86_64-fedora-gcc | 1.1.8 | 444.31 | OK | |||
r-devel-windows-x86_64 | 1.1.8 | 106.00 | 158.00 | 264.00 | OK | |
r-patched-linux-x86_64 | 1.1.8 | 136.88 | 161.34 | 298.22 | OK | |
r-release-linux-x86_64 | 1.1.8 | 132.24 | 154.84 | 287.08 | OK | |
r-release-macos-arm64 | 1.1.8 | 123.00 | NOTE | |||
r-release-macos-x86_64 | 1.1.8 | 225.00 | NOTE | |||
r-release-windows-x86_64 | 1.1.8 | 129.00 | 197.00 | 326.00 | OK | |
r-oldrel-macos-arm64 | 1.1.8 | 110.00 | NOTE | |||
r-oldrel-windows-x86_64 | 1.1.8 | 121.00 | 176.00 | 297.00 | OK |
Version: 1.1.8
Check: installed package size
Result: NOTE
installed size is 15.3Mb
sub-directories of 1Mb or more:
libs 13.7Mb
Flavors: r-release-macos-arm64, r-release-macos-x86_64, r-oldrel-macos-arm64